{"id":6875,"date":"2023-10-23T12:25:13","date_gmt":"2023-10-23T10:25:13","guid":{"rendered":"https:\/\/www.migliormenu.it\/gustabacco\/prodotto\/import-placeholder-for-18626\/"},"modified":"2023-10-23T12:25:48","modified_gmt":"2023-10-23T10:25:48","slug":"prosecco-doc-brut-millesimato-rose-2021-bolla","status":"publish","type":"product","link":"https:\/\/www.migliormenu.it\/gustabacco\/prodotto\/prosecco-doc-brut-millesimato-rose-2021-bolla\/","title":{"rendered":"Prosecco DOC Brut Millesimato Ros\u00e8 2021 Bolla"},"content":{"rendered":"<p><span style=\"color:#000000\">Il Prosecco Ros\u00e9 Bolla \u00e8 ottenuto da uve coltivate nella zona di produzione del Prosecco. \u00c8 uno spumante di grande qualit\u00e0, fragrante e con una personalit\u00e0 spiccata data dall&rsquo;unione di due vitigni: la Glera e il Pinot Nero.<\/p>\n<p><strong>NOTE DI DEGUSTAZIONE<\/strong><br \/>\n<strong>Colore:<\/strong> rosa tenue brillante.<br \/>\n<strong>Profumo: <\/strong>pesca, agrumi, fragolina di bosco e petali di rosa.<br \/>\n<strong>Gusto: <\/strong>secco, fresco, delicato e persistente<\/span><\/p>\n","protected":false},"excerpt":{"rendered":"<table border=\"1\" cellpadding=\"1\" cellspacing=\"1\" style=\"height: 200px\">\n<tbody>\n<tr>\n<td><span style=\"color:#000000\"><strong>NOME COMPLETO<\/strong><\/span><\/td>\n<td><span style=\"color:#000000\">Prosecco DOC Brut Millesimato Ros\u00e8 2021 Bolla<\/span><\/td>\n<\/tr>\n<tr>\n<td><span style=\"color:#000000\"><strong>DENOMINAZIONE<\/strong><\/span><\/td>\n<td><span style=\"color:#000000\">Prosecco DOC<\/span><\/td>\n<\/tr>\n<tr>\n<td><span style=\"color:#000000\"><strong>ANNATA<\/strong><\/span><\/td>\n<td><span style=\"color:#000000\">2021<\/span><\/td>\n<\/tr>\n<tr>\n<td><span style=\"color:#000000\"><strong>TIPOLOGIA<\/strong><\/span><\/td>\n<td><span style=\"color:#000000\">Prosecco Ros\u00e8<\/span><\/td>\n<\/tr>\n<tr>\n<td><span style=\"color:#000000\"><strong>PAESE<\/strong><\/span><\/td>\n<td><span style=\"color:#000000\">Italia<\/span><\/td>\n<\/tr>\n<tr>\n<td><span style=\"color:#000000\"><strong>REGIONE<\/strong><\/span><\/td>\n<td><span style=\"color:#000000\">Veneto<\/span><\/td>\n<\/tr>\n<tr>\n<td><span style=\"color:#000000\"><strong>VITIGNO<\/strong><\/span><\/td>\n<td><span style=\"color:#000000\">Glera 85%, Pinot Nero 15%<\/span><\/td>\n<\/tr>\n<tr>\n<td><strong><span style=\"color:#000000\">AFFINAMENTO<\/span><\/strong><\/td>\n<td><span style=\"color:#000000\">2 mesi sui lieviti<\/span><\/td>\n<\/tr>\n<tr>\n<td><span style=\"color:#000000\"><strong>FORMATO<\/strong><\/span><\/td>\n<td><span style=\"color:#000000\">0,75 L<\/span><\/td>\n<\/tr>\n<tr>\n<td><span style=\"color:#000000\"><strong>AROMI<\/strong><\/span><\/td>\n<td><span style=\"color:#000000\">Pesca, agrumi, fragolina di bosco, petali di rosa<\/span><\/td>\n<\/tr>\n<tr>\n<td><span style=\"color:#000000\"><strong>ABBINAMENTO<\/strong><\/span><\/td>\n<td><span style=\"color:#000000\">Aperitivi, frutti di mare, pizza, pesce, salumi<\/span><\/td>\n<\/tr>\n<tr>\n<td><span style=\"color:#000000\"><strong>VOL ALCOLICO<\/strong><\/span><\/td>\n<td><span style=\"color:#000000\">11,5 %<\/span><\/td>\n<\/tr>\n<tr>\n<td><span style=\"color:#000000\"><strong>TEMPERATURA<\/strong><\/span><\/td>\n<td><span style=\"color:#000000\">6 &#8211; 8 &deg;C<\/span><\/td>\n<\/tr>\n<tr>\n<td><span style=\"color:#000000\"><strong>SOLFITI<\/strong><\/span><\/td>\n<td><span style=\"color:#000000\">Contiene Solfiti<\/span><\/td>\n<\/tr>\n<\/tbody>\n<\/table>\n","protected":false},"featured_media":6914,"comment_status":"open","ping_status":"closed","template":"","meta":[],"yoast_head":"<!-- This site is optimized with the Yoast SEO plugin v15.7 - https:\/\/yoast.com\/wordpress\/plugins\/seo\/ -->\n<title>Prosecco DOC Brut Millesimato Ros\u00e8 2021 Bolla - Gustabacco - Menu Online<\/title>\n<meta name=\"robots\" content=\"index, follow, max-snippet:-1, max-image-preview:large, max-video-preview:-1\" \/>\n<link rel=\"canonical\" href=\"https:\/\/www.migliormenu.it\/gustabacco\/prodotto\/prosecco-doc-brut-millesimato-rose-2021-bolla\/\" \/>\n<meta property=\"og:locale\" content=\"it_IT\" \/>\n<meta property=\"og:type\" content=\"article\" \/>\n<meta property=\"og:title\" content=\"Prosecco DOC Brut Millesimato Ros\u00e8 2021 Bolla - Gustabacco - Menu Online\" \/>\n<meta property=\"og:description\" content=\"NOME COMPLETO  Prosecco DOC Brut Millesimato Ros\u00e8 2021 Bolla     DENOMINAZIONE  Prosecco DOC     ANNATA  2021     TIPOLOGIA  Prosecco Ros\u00e8     PAESE  Italia     REGIONE  Veneto     VITIGNO  Glera 85%, Pinot Nero 15%     AFFINAMENTO  2 mesi sui lieviti     FORMATO  0,75 L     AROMI  Pesca, agrumi, fragolina di bosco, petali di rosa     ABBINAMENTO  Aperitivi, frutti di mare, pizza, pesce, salumi     VOL ALCOLICO  11,5 %     TEMPERATURA  6 - 8 &deg;C     SOLFITI  Contiene Solfiti\" \/>\n<meta property=\"og:url\" content=\"https:\/\/www.migliormenu.it\/gustabacco\/prodotto\/prosecco-doc-brut-millesimato-rose-2021-bolla\/\" \/>\n<meta property=\"og:site_name\" content=\"Gustabacco - Menu Online\" \/>\n<meta property=\"article:modified_time\" content=\"2023-10-23T10:25:48+00:00\" \/>\n<meta name=\"twitter:card\" content=\"summary_large_image\" \/>\n<script type=\"application\/ld+json\" class=\"yoast-schema-graph\">{\"@context\":\"https:\/\/schema.org\",\"@graph\":[{\"@type\":\"WebSite\",\"@id\":\"https:\/\/www.migliormenu.it\/gustabacco\/#website\",\"url\":\"https:\/\/www.migliormenu.it\/gustabacco\/\",\"name\":\"Gustabacco - Menu Online\",\"description\":\"Coffee, Food e Drink\",\"potentialAction\":[{\"@type\":\"SearchAction\",\"target\":\"https:\/\/www.migliormenu.it\/gustabacco\/?s={search_term_string}\",\"query-input\":\"required name=search_term_string\"}],\"inLanguage\":\"it-IT\"},{\"@type\":\"ImageObject\",\"@id\":\"https:\/\/www.migliormenu.it\/gustabacco\/prodotto\/prosecco-doc-brut-millesimato-rose-2021-bolla\/#primaryimage\",\"inLanguage\":\"it-IT\",\"url\":\"https:\/\/www.migliormenu.it\/gustabacco\/wp-content\/uploads\/2023\/10\/3332.jpg\",\"width\":1180,\"height\":1180},{\"@type\":\"WebPage\",\"@id\":\"https:\/\/www.migliormenu.it\/gustabacco\/prodotto\/prosecco-doc-brut-millesimato-rose-2021-bolla\/#webpage\",\"url\":\"https:\/\/www.migliormenu.it\/gustabacco\/prodotto\/prosecco-doc-brut-millesimato-rose-2021-bolla\/\",\"name\":\"Prosecco DOC Brut Millesimato Ros\\u00e8 2021 Bolla - Gustabacco - Menu Online\",\"isPartOf\":{\"@id\":\"https:\/\/www.migliormenu.it\/gustabacco\/#website\"},\"primaryImageOfPage\":{\"@id\":\"https:\/\/www.migliormenu.it\/gustabacco\/prodotto\/prosecco-doc-brut-millesimato-rose-2021-bolla\/#primaryimage\"},\"datePublished\":\"2023-10-23T10:25:13+00:00\",\"dateModified\":\"2023-10-23T10:25:48+00:00\",\"inLanguage\":\"it-IT\",\"potentialAction\":[{\"@type\":\"ReadAction\",\"target\":[\"https:\/\/www.migliormenu.it\/gustabacco\/prodotto\/prosecco-doc-brut-millesimato-rose-2021-bolla\/\"]}]}]}<\/script>\n<!-- \/ Yoast SEO plugin. -->","_links":{"self":[{"href":"https:\/\/www.migliormenu.it\/gustabacco\/wp-json\/wp\/v2\/product\/6875"}],"collection":[{"href":"https:\/\/www.migliormenu.it\/gustabacco\/wp-json\/wp\/v2\/product"}],"about":[{"href":"https:\/\/www.migliormenu.it\/gustabacco\/wp-json\/wp\/v2\/types\/product"}],"replies":[{"embeddable":true,"href":"https:\/\/www.migliormenu.it\/gustabacco\/wp-json\/wp\/v2\/comments?post=6875"}],"wp:featuredmedia":[{"embeddable":true,"href":"https:\/\/www.migliormenu.it\/gustabacco\/wp-json\/wp\/v2\/media\/6914"}],"wp:attachment":[{"href":"https:\/\/www.migliormenu.it\/gustabacco\/wp-json\/wp\/v2\/media?parent=6875"}],"curies":[{"name":"wp","href":"https:\/\/api.w.org\/{rel}","templated":true}]}}