{"id":6362,"date":"2023-04-14T11:30:08","date_gmt":"2023-04-14T09:30:08","guid":{"rendered":"https:\/\/www.migliormenu.it\/gustabacco\/prodotto\/import-placeholder-for-17371\/"},"modified":"2023-04-14T11:30:25","modified_gmt":"2023-04-14T09:30:25","slug":"franciacorta-extra-brut-cuvee-prestige-edizione-45-ca-del-bosco-magnum-astucciato","status":"publish","type":"product","link":"https:\/\/www.migliormenu.it\/gustabacco\/prodotto\/franciacorta-extra-brut-cuvee-prestige-edizione-45-ca-del-bosco-magnum-astucciato\/","title":{"rendered":"Franciacorta Extra Brut Cuv\u00e9e Prestige Edizione 45&#8242; Ca&#8217; del Bosco Magnum Astucciato"},"content":{"rendered":"<p><strong>Identit\u00e0<\/strong>.&nbsp;Virt\u00f9 scritta nell&#039;etimologia di un termine antico: idem, ovvero essere se stessi. Cuv\u00e9e Prestige, essenza della Franciacorta in stile Ca&#039; del Bosco. Un gioiello nato nel 2007 da un sapere lungo trent&#039;anni. Solo le migliori selezioni di uva Chardonnay, Pinot nero e Pinot bianco provenienti dalle migliori vigne, vengono vinificate separatamente e sapientemente assemblate alle riserve delle migliori annate (almeno il 20%), nel rito magico della creazione della Cuv\u00e9e. Solo dopo almeno 24 mesi di affinamento sui lieviti questo vino potr\u00e0 esprimere la sua ricchezza e identit\u00e0. Un Franciacorta classico, equilibrato, piacevolmente fresco e acidulo. Perfetto per ogni occasione.<\/p>\n","protected":false},"excerpt":{"rendered":"<table border=\"0\" cellpadding=\"0\" cellspacing=\"0\" style=\"width:680px\" width=\"680\">\n<tbody>\n<tr>\n<td style=\"width:151px;height:22px\">\n<p><strong>NOME COMPLETO<\/strong><\/p>\n<\/td>\n<td style=\"width:530px;height:22px\">\n<p>Franciacorta Extra Brut Cuv\u00e9e Prestige Edizione 45&#039; Ca&#039; del Bosco Magnum<\/p>\n<\/td>\n<\/tr>\n<tr>\n<td style=\"width:151px;height:22px\">\n<p><strong>DENOMINAZIONE<\/strong><\/p>\n<\/td>\n<td style=\"width:530px;height:22px\">\n<p>Franciacorta<\/p>\n<\/td>\n<\/tr>\n<tr>\n<td style=\"width:151px;height:22px\">\n<p><strong>TIPOLOGIA<\/strong><\/p>\n<\/td>\n<td style=\"width:530px;height:22px\">\n<p>Spumante<\/p>\n<\/td>\n<\/tr>\n<tr>\n<td style=\"width:151px;height:22px\">\n<p><strong>PAESE<\/strong><\/p>\n<\/td>\n<td style=\"width:530px;height:22px\">\n<p>Italia<\/p>\n<\/td>\n<\/tr>\n<tr>\n<td style=\"width:151px;height:22px\">\n<p><strong>REGIONE<\/strong><\/p>\n<\/td>\n<td style=\"width:530px;height:22px\">\n<p>Lombardia<\/p>\n<\/td>\n<\/tr>\n<tr>\n<td style=\"width:151px;height:22px\">\n<p><strong>VITIGNO<\/strong><\/p>\n<\/td>\n<td style=\"width:530px;height:22px\">\n<p>Chardonnay 81,5%, Pinot Bianco 1,5%, Pinot Nero 1,5%<\/p>\n<\/td>\n<\/tr>\n<tr>\n<td style=\"width:151px;height:22px\">\n<p><strong>AFFINAMENTO<\/strong><\/p>\n<\/td>\n<td style=\"width:530px;height:22px\">\n<p>25 mesi sui lieviti<\/p>\n<\/td>\n<\/tr>\n<tr>\n<td style=\"width:151px;height:22px\">\n<p><strong>FORMATO<\/strong><\/p>\n<\/td>\n<td style=\"width:530px;height:22px\">\n<p>1,5 L<\/p>\n<\/td>\n<\/tr>\n<tr>\n<td style=\"width:151px;height:22px\">\n<p><strong>AROMI<\/strong><\/p>\n<\/td>\n<td style=\"width:530px;height:22px\">\n<p>Agrumi, fiori bianchi, minerali<\/p>\n<\/td>\n<\/tr>\n<tr>\n<td style=\"width:151px;height:22px\">\n<p><strong>ABBINAMENTO<\/strong><\/p>\n<\/td>\n<td style=\"width:530px;height:22px\">\n<p>Crudi di pesce, molluschi, crostacei<\/p>\n<\/td>\n<\/tr>\n<tr>\n<td style=\"width:151px;height:22px\">\n<p><strong>GRADO ALCOLICO<\/strong><\/p>\n<\/td>\n<td style=\"width:530px;height:22px\">\n<p>12,5%<\/p>\n<\/td>\n<\/tr>\n<tr>\n<td style=\"width:151px;height:22px\">\n<p><strong>TEMPERATURA<\/strong><\/p>\n<\/td>\n<td style=\"width:530px;height:22px\">\n<p>8 &ndash; 10 &deg;C<\/p>\n<\/td>\n<\/tr>\n<tr>\n<td style=\"width:151px;height:22px\">\n<p><strong>SOLFITI<\/strong><\/p>\n<\/td>\n<td style=\"width:530px;height:22px\">\n<p>Contiene solfiti<\/p>\n<\/td>\n<\/tr>\n<\/tbody>\n<\/table>\n","protected":false},"featured_media":4406,"comment_status":"open","ping_status":"closed","template":"","meta":[],"yoast_head":"<!-- This site is optimized with the Yoast SEO plugin v15.7 - https:\/\/yoast.com\/wordpress\/plugins\/seo\/ -->\n<title>Franciacorta Extra Brut Cuv\u00e9e Prestige Edizione 45&#039; Ca&#039; del Bosco Magnum Astucciato - Gustabacco - Menu Online<\/title>\n<meta name=\"robots\" content=\"index, follow, max-snippet:-1, max-image-preview:large, max-video-preview:-1\" \/>\n<link rel=\"canonical\" href=\"https:\/\/www.migliormenu.it\/gustabacco\/prodotto\/franciacorta-extra-brut-cuvee-prestige-edizione-45-ca-del-bosco-magnum-astucciato\/\" \/>\n<meta property=\"og:locale\" content=\"it_IT\" \/>\n<meta property=\"og:type\" content=\"article\" \/>\n<meta property=\"og:title\" content=\"Franciacorta Extra Brut Cuv\u00e9e Prestige Edizione 45&#039; Ca&#039; del Bosco Magnum Astucciato - Gustabacco - Menu Online\" \/>\n<meta property=\"og:description\" content=\"NOME COMPLETO      Franciacorta Extra Brut Cuv\u00e9e Prestige Edizione 45&#039; Ca&#039; del Bosco Magnum         DENOMINAZIONE      Franciacorta         TIPOLOGIA      Spumante         PAESE      Italia         REGIONE      Lombardia         VITIGNO      Chardonnay 81,5%, Pinot Bianco 1,5%, Pinot Nero 1,5%         AFFINAMENTO      25 mesi sui lieviti         FORMATO      1,5 L         AROMI      Agrumi, fiori bianchi, minerali         ABBINAMENTO      Crudi di pesce, molluschi, crostacei         GRADO ALCOLICO      12,5%         TEMPERATURA      8 &ndash; 10 &deg;C         SOLFITI      Contiene solfiti\" \/>\n<meta property=\"og:url\" content=\"https:\/\/www.migliormenu.it\/gustabacco\/prodotto\/franciacorta-extra-brut-cuvee-prestige-edizione-45-ca-del-bosco-magnum-astucciato\/\" \/>\n<meta property=\"og:site_name\" content=\"Gustabacco - Menu Online\" \/>\n<meta property=\"article:modified_time\" content=\"2023-04-14T09:30:25+00:00\" \/>\n<meta name=\"twitter:card\" content=\"summary_large_image\" \/>\n<meta name=\"twitter:label1\" content=\"Tempo di lettura stimato\">\n\t<meta name=\"twitter:data1\" content=\"1 minuto\">\n<script type=\"application\/ld+json\" class=\"yoast-schema-graph\">{\"@context\":\"https:\/\/schema.org\",\"@graph\":[{\"@type\":\"WebSite\",\"@id\":\"https:\/\/www.migliormenu.it\/gustabacco\/#website\",\"url\":\"https:\/\/www.migliormenu.it\/gustabacco\/\",\"name\":\"Gustabacco - Menu Online\",\"description\":\"Coffee, Food e Drink\",\"potentialAction\":[{\"@type\":\"SearchAction\",\"target\":\"https:\/\/www.migliormenu.it\/gustabacco\/?s={search_term_string}\",\"query-input\":\"required name=search_term_string\"}],\"inLanguage\":\"it-IT\"},{\"@type\":\"ImageObject\",\"@id\":\"https:\/\/www.migliormenu.it\/gustabacco\/prodotto\/franciacorta-extra-brut-cuvee-prestige-edizione-45-ca-del-bosco-magnum-astucciato\/#primaryimage\",\"inLanguage\":\"it-IT\",\"url\":\"https:\/\/www.migliormenu.it\/gustabacco\/wp-content\/uploads\/2023\/04\/2968.jpg\",\"width\":1180,\"height\":1180},{\"@type\":\"WebPage\",\"@id\":\"https:\/\/www.migliormenu.it\/gustabacco\/prodotto\/franciacorta-extra-brut-cuvee-prestige-edizione-45-ca-del-bosco-magnum-astucciato\/#webpage\",\"url\":\"https:\/\/www.migliormenu.it\/gustabacco\/prodotto\/franciacorta-extra-brut-cuvee-prestige-edizione-45-ca-del-bosco-magnum-astucciato\/\",\"name\":\"Franciacorta Extra Brut Cuv\\u00e9e Prestige Edizione 45' Ca' del Bosco Magnum Astucciato - Gustabacco - Menu Online\",\"isPartOf\":{\"@id\":\"https:\/\/www.migliormenu.it\/gustabacco\/#website\"},\"primaryImageOfPage\":{\"@id\":\"https:\/\/www.migliormenu.it\/gustabacco\/prodotto\/franciacorta-extra-brut-cuvee-prestige-edizione-45-ca-del-bosco-magnum-astucciato\/#primaryimage\"},\"datePublished\":\"2023-04-14T09:30:08+00:00\",\"dateModified\":\"2023-04-14T09:30:25+00:00\",\"inLanguage\":\"it-IT\",\"potentialAction\":[{\"@type\":\"ReadAction\",\"target\":[\"https:\/\/www.migliormenu.it\/gustabacco\/prodotto\/franciacorta-extra-brut-cuvee-prestige-edizione-45-ca-del-bosco-magnum-astucciato\/\"]}]}]}<\/script>\n<!-- \/ Yoast SEO plugin. -->","_links":{"self":[{"href":"https:\/\/www.migliormenu.it\/gustabacco\/wp-json\/wp\/v2\/product\/6362"}],"collection":[{"href":"https:\/\/www.migliormenu.it\/gustabacco\/wp-json\/wp\/v2\/product"}],"about":[{"href":"https:\/\/www.migliormenu.it\/gustabacco\/wp-json\/wp\/v2\/types\/product"}],"replies":[{"embeddable":true,"href":"https:\/\/www.migliormenu.it\/gustabacco\/wp-json\/wp\/v2\/comments?post=6362"}],"wp:featuredmedia":[{"embeddable":true,"href":"https:\/\/www.migliormenu.it\/gustabacco\/wp-json\/wp\/v2\/media\/4406"}],"wp:attachment":[{"href":"https:\/\/www.migliormenu.it\/gustabacco\/wp-json\/wp\/v2\/media?parent=6362"}],"curies":[{"name":"wp","href":"https:\/\/api.w.org\/{rel}","templated":true}]}}