{"id":6312,"date":"2023-04-14T11:29:40","date_gmt":"2023-04-14T09:29:40","guid":{"rendered":"https:\/\/www.migliormenu.it\/gustabacco\/prodotto\/import-placeholder-for-16860\/"},"modified":"2023-04-14T11:29:49","modified_gmt":"2023-04-14T09:29:49","slug":"franciacorta-extra-brut-docg-cuvee-prestige-44-edizione-ca-del-bosco-jeroboam-weekend-bag","status":"publish","type":"product","link":"https:\/\/www.migliormenu.it\/gustabacco\/prodotto\/franciacorta-extra-brut-docg-cuvee-prestige-44-edizione-ca-del-bosco-jeroboam-weekend-bag\/","title":{"rendered":"Franciacorta Extra Brut DOCG Cuv\u00e8e Prestige 44\u00b0 Edizione C\u00e0 Del Bosco Jeroboam + Weekend Bag"},"content":{"rendered":"<p>3 litri di puro piacere per quello che \u00e8 uno dei prodotti pi\u00f9 iconici del Made in Italy: il&nbsp;Ca&rsquo; del Bosco Cuv\u00e9e Prestige! Nel formato J\u00e9roboam, questo&nbsp;Franciacorta&nbsp;diventa davvero perfetto per celebrare i momenti speciali e basta dare un&rsquo;occhiata al suo look per capirlo! Questa bottiglia \u00e8 protetta infatti da un&rsquo;elegante borsa, ideale per il fine settimana, caratterizzata dalla ricerca dei materiali e dal rigore formale; composta da una base in ecopelle con inserti in vitello conciato, la weekend bag ha, al suo interno, il brand Ca&rsquo; del Bosco intagliato nel pellame, regalando ancor pi\u00f9 prestigio al prodotto!<\/p>\n<p>Oro scintillante grazie alle finissime bollicine che lo attraversano, profuma di frutta matura, agrumi e mandorla caramellata, pan brioche, burro vaniglia e gesso. Assaggio fresco e appagante, \u00e8 equilibrato, moderatamente sapido e con persistenza minerale.<\/p>\n<p>Ottimo come aperitivo, ha la capacit\u00e0 di reggere un pasto intero a base di pesce, ma anche con carni bianche delicate e salsate.<\/p>\n","protected":false},"excerpt":{"rendered":"<table border=\"0\" cellpadding=\"0\" cellspacing=\"0\" style=\"width:680px\" width=\"680\">\n<tbody>\n<tr>\n<td style=\"width:151px;height:22px\">\n<p><strong>NOME COMPLETO<\/strong><\/p>\n<\/td>\n<td style=\"width:530px;height:22px\">\n<p>Franciacorta Extra Brut DOCG Cuv\u00e8e Prestige 44&deg; Edizione C\u00e0 Del Bosco Jeroboam<\/p>\n<\/td>\n<\/tr>\n<tr>\n<td style=\"width:151px;height:22px\">\n<p><strong>DENOMINAZIONE<\/strong><\/p>\n<\/td>\n<td style=\"width:530px;height:22px\">\n<p>Franciacorta DOCG<\/p>\n<\/td>\n<\/tr>\n<tr>\n<td style=\"width:151px;height:22px\">\n<p><strong>ANNATA<\/strong><\/p>\n<\/td>\n<td style=\"width:530px;height:22px\">\n<p>NV<\/p>\n<\/td>\n<\/tr>\n<tr>\n<td style=\"width:151px;height:22px\">\n<p><strong>TIPOLOGIA<\/strong><\/p>\n<\/td>\n<td style=\"width:530px;height:22px\">\n<p>Extra Brut<\/p>\n<\/td>\n<\/tr>\n<tr>\n<td style=\"width:151px;height:22px\">\n<p><strong>PAESE<\/strong><\/p>\n<\/td>\n<td style=\"width:530px;height:22px\">\n<p>Italia<\/p>\n<\/td>\n<\/tr>\n<tr>\n<td style=\"width:151px;height:22px\">\n<p><strong>REGIONE<\/strong><\/p>\n<\/td>\n<td style=\"width:530px;height:22px\">\n<p>Lombardia<\/p>\n<\/td>\n<\/tr>\n<tr>\n<td style=\"width:151px;height:22px\">\n<p><strong>VITIGNO<\/strong><\/p>\n<\/td>\n<td style=\"width:530px;height:22px\">\n<p>Chardonnay 81,5%, Pinot Nero 17%, Pinot Bianco 1,5%<\/p>\n<\/td>\n<\/tr>\n<tr>\n<td style=\"width:151px;height:22px\">\n<p><strong>AFFINAMENTO<\/strong><\/p>\n<\/td>\n<td style=\"width:530px;height:22px\">\n<p>25 mesi sui lieviti<\/p>\n<\/td>\n<\/tr>\n<tr>\n<td style=\"width:151px;height:22px\">\n<p><strong>FORMATO<\/strong><\/p>\n<\/td>\n<td style=\"width:530px;height:22px\">\n<p>3 L<\/p>\n<\/td>\n<\/tr>\n<tr>\n<td style=\"width:151px;height:22px\">\n<p><strong>AROMI<\/strong><\/p>\n<\/td>\n<td style=\"width:530px;height:22px\">\n<p>Frutta matura, agrumi, pasticceria, frutta secca, minerali<\/p>\n<\/td>\n<\/tr>\n<tr>\n<td style=\"width:151px;height:22px\">\n<p><strong>ABBINAMENTO<\/strong><\/p>\n<\/td>\n<td style=\"width:530px;height:22px\">\n<p>Piatti di pesce, primi, carni, formaggi, salumi, aperitivi<\/p>\n<\/td>\n<\/tr>\n<tr>\n<td style=\"width:151px;height:22px\">\n<p><strong>GRADO ALCOLICO<\/strong><\/p>\n<\/td>\n<td style=\"width:530px;height:22px\">\n<p>12,5 %<\/p>\n<\/td>\n<\/tr>\n<tr>\n<td style=\"width:151px;height:22px\">\n<p><strong>TEMPERATURA<\/strong><\/p>\n<\/td>\n<td style=\"width:530px;height:22px\">\n<p>6 &ndash; 8 &deg;C<\/p>\n<\/td>\n<\/tr>\n<tr>\n<td style=\"width:151px;height:22px\">\n<p><strong>SOLFITI<\/strong><\/p>\n<\/td>\n<td style=\"width:530px;height:22px\">\n<p>Contiene solfiti<\/p>\n<\/td>\n<\/tr>\n<\/tbody>\n<\/table>\n","protected":false},"featured_media":4203,"comment_status":"open","ping_status":"closed","template":"","meta":[],"yoast_head":"<!-- This site is optimized with the Yoast SEO plugin v15.7 - https:\/\/yoast.com\/wordpress\/plugins\/seo\/ -->\n<title>Franciacorta Extra Brut DOCG Cuv\u00e8e Prestige 44\u00b0 Edizione C\u00e0 Del Bosco Jeroboam + Weekend Bag - Gustabacco - Menu Online<\/title>\n<meta name=\"robots\" content=\"index, follow, max-snippet:-1, max-image-preview:large, max-video-preview:-1\" \/>\n<link rel=\"canonical\" href=\"https:\/\/www.migliormenu.it\/gustabacco\/prodotto\/franciacorta-extra-brut-docg-cuvee-prestige-44-edizione-ca-del-bosco-jeroboam-weekend-bag\/\" \/>\n<meta property=\"og:locale\" content=\"it_IT\" \/>\n<meta property=\"og:type\" content=\"article\" \/>\n<meta property=\"og:title\" content=\"Franciacorta Extra Brut DOCG Cuv\u00e8e Prestige 44\u00b0 Edizione C\u00e0 Del Bosco Jeroboam + Weekend Bag - Gustabacco - Menu Online\" \/>\n<meta property=\"og:description\" content=\"NOME COMPLETO      Franciacorta Extra Brut DOCG Cuv\u00e8e Prestige 44&deg; Edizione C\u00e0 Del Bosco Jeroboam         DENOMINAZIONE      Franciacorta DOCG         ANNATA      NV         TIPOLOGIA      Extra Brut         PAESE      Italia         REGIONE      Lombardia         VITIGNO      Chardonnay 81,5%, Pinot Nero 17%, Pinot Bianco 1,5%         AFFINAMENTO      25 mesi sui lieviti         FORMATO      3 L         AROMI      Frutta matura, agrumi, pasticceria, frutta secca, minerali         ABBINAMENTO      Piatti di pesce, primi, carni, formaggi, salumi, aperitivi         GRADO ALCOLICO      12,5 %         TEMPERATURA      6 &ndash; 8 &deg;C         SOLFITI      Contiene solfiti\" \/>\n<meta property=\"og:url\" content=\"https:\/\/www.migliormenu.it\/gustabacco\/prodotto\/franciacorta-extra-brut-docg-cuvee-prestige-44-edizione-ca-del-bosco-jeroboam-weekend-bag\/\" \/>\n<meta property=\"og:site_name\" content=\"Gustabacco - Menu Online\" \/>\n<meta property=\"article:modified_time\" content=\"2023-04-14T09:29:49+00:00\" \/>\n<meta name=\"twitter:card\" content=\"summary_large_image\" \/>\n<meta name=\"twitter:label1\" content=\"Tempo di lettura stimato\">\n\t<meta name=\"twitter:data1\" content=\"1 minuto\">\n<script type=\"application\/ld+json\" class=\"yoast-schema-graph\">{\"@context\":\"https:\/\/schema.org\",\"@graph\":[{\"@type\":\"WebSite\",\"@id\":\"https:\/\/www.migliormenu.it\/gustabacco\/#website\",\"url\":\"https:\/\/www.migliormenu.it\/gustabacco\/\",\"name\":\"Gustabacco - Menu Online\",\"description\":\"Coffee, Food e Drink\",\"potentialAction\":[{\"@type\":\"SearchAction\",\"target\":\"https:\/\/www.migliormenu.it\/gustabacco\/?s={search_term_string}\",\"query-input\":\"required name=search_term_string\"}],\"inLanguage\":\"it-IT\"},{\"@type\":\"ImageObject\",\"@id\":\"https:\/\/www.migliormenu.it\/gustabacco\/prodotto\/franciacorta-extra-brut-docg-cuvee-prestige-44-edizione-ca-del-bosco-jeroboam-weekend-bag\/#primaryimage\",\"inLanguage\":\"it-IT\",\"url\":\"https:\/\/www.migliormenu.it\/gustabacco\/wp-content\/uploads\/2023\/04\/2742.jpg\",\"width\":1180,\"height\":1180},{\"@type\":\"WebPage\",\"@id\":\"https:\/\/www.migliormenu.it\/gustabacco\/prodotto\/franciacorta-extra-brut-docg-cuvee-prestige-44-edizione-ca-del-bosco-jeroboam-weekend-bag\/#webpage\",\"url\":\"https:\/\/www.migliormenu.it\/gustabacco\/prodotto\/franciacorta-extra-brut-docg-cuvee-prestige-44-edizione-ca-del-bosco-jeroboam-weekend-bag\/\",\"name\":\"Franciacorta Extra Brut DOCG Cuv\\u00e8e Prestige 44\\u00b0 Edizione C\\u00e0 Del Bosco Jeroboam + Weekend Bag - Gustabacco - Menu Online\",\"isPartOf\":{\"@id\":\"https:\/\/www.migliormenu.it\/gustabacco\/#website\"},\"primaryImageOfPage\":{\"@id\":\"https:\/\/www.migliormenu.it\/gustabacco\/prodotto\/franciacorta-extra-brut-docg-cuvee-prestige-44-edizione-ca-del-bosco-jeroboam-weekend-bag\/#primaryimage\"},\"datePublished\":\"2023-04-14T09:29:40+00:00\",\"dateModified\":\"2023-04-14T09:29:49+00:00\",\"inLanguage\":\"it-IT\",\"potentialAction\":[{\"@type\":\"ReadAction\",\"target\":[\"https:\/\/www.migliormenu.it\/gustabacco\/prodotto\/franciacorta-extra-brut-docg-cuvee-prestige-44-edizione-ca-del-bosco-jeroboam-weekend-bag\/\"]}]}]}<\/script>\n<!-- \/ Yoast SEO plugin. -->","_links":{"self":[{"href":"https:\/\/www.migliormenu.it\/gustabacco\/wp-json\/wp\/v2\/product\/6312"}],"collection":[{"href":"https:\/\/www.migliormenu.it\/gustabacco\/wp-json\/wp\/v2\/product"}],"about":[{"href":"https:\/\/www.migliormenu.it\/gustabacco\/wp-json\/wp\/v2\/types\/product"}],"replies":[{"embeddable":true,"href":"https:\/\/www.migliormenu.it\/gustabacco\/wp-json\/wp\/v2\/comments?post=6312"}],"wp:featuredmedia":[{"embeddable":true,"href":"https:\/\/www.migliormenu.it\/gustabacco\/wp-json\/wp\/v2\/media\/4203"}],"wp:attachment":[{"href":"https:\/\/www.migliormenu.it\/gustabacco\/wp-json\/wp\/v2\/media?parent=6312"}],"curies":[{"name":"wp","href":"https:\/\/api.w.org\/{rel}","templated":true}]}}