{"id":6200,"date":"2023-04-14T11:28:25","date_gmt":"2023-04-14T09:28:25","guid":{"rendered":"https:\/\/www.migliormenu.it\/gustabacco\/prodotto\/import-placeholder-for-10367\/"},"modified":"2023-04-14T11:28:58","modified_gmt":"2023-04-14T09:28:58","slug":"champagne-brut-prestige-cheurlin-fils","status":"publish","type":"product","link":"https:\/\/www.migliormenu.it\/gustabacco\/prodotto\/champagne-brut-prestige-cheurlin-fils\/","title":{"rendered":"Champagne Brut Prestige Cheurlin &amp; Fils"},"content":{"rendered":"<p>La storia della Famiglia Cheurlin \u00e8 cadenzata da date significative nel lungo percorso intrapreso da pi\u00f9 di un secolo.<\/p>\n<p>Nel 1898 l&rsquo;inizio, quando il giovane <strong>Edmond Cheurlin<\/strong>, di appena diciassette anni, pianta con orgoglio le sue prime vigne a Celles sur Ource, piccolo villaggio del sud della Champagne. Dopo mezzo secolo Alain Cheurlin, nipote di Edmond e figlio di Andr\u00e9, forte degli insegnamenti ricevuti decide di creare una sua azienda vitivinicola. Sulle solide basi lasciate dagli antenati Alain crea il marchio &ldquo;<strong>Veuve Cheurlin<\/strong>&rdquo;. Oggi marchio dominante. Dimostrandosi un accorto amministratore ed un abile imprenditore, assorbe la &ldquo;Maison Jean Arnoult&rdquo; di propriet\u00e0 della famiglia di sua moglie, Chantal Sandrin. Una casa storica creata nel 1919, la prima commerciale nata nella zona dell&rsquo;Aube. Questa acquisizione \u00e8 importante per la Maison Veuve Cheurlin che prospera in virt\u00f9 del marchio &ldquo;Jean Arnoult&rdquo; che vanta gi\u00e0 una forte rete distributiva. Altra conquista: l&rsquo;entrata in azienda, dopo la formazione enologica alla scuola di Beaune, di Jean Baptiste figlio di Alain. Una nuova spinta a modernizzarsi, a cercare il meglio ma nel rispetto della tradizione Cheurlin.<\/p>\n<p>Una grande famiglia che corre sui mercati internazionali per diffondere il marchio &ldquo;Veuve Cheurlin&rdquo;.<\/p>\n","protected":false},"excerpt":{"rendered":"<p><strong>Produttore:<\/strong> Cheurlin et Fils<br \/>\n<strong>Vitigno:<\/strong> &nbsp;50% Pinot Noir 25% Chardonnay 25% Pinot Blanc<br \/>\n<strong>Gradazione Alcolica<\/strong>: 12% vol<br \/>\n<strong>Formato:<\/strong> 0.75l<br \/>\n<strong>Provenienza:<\/strong> Francia<br \/>\n<strong style=\"font-size: 1rem\">Abbinamenti:<\/strong><span style=\"font-size: 1rem\"> Accompagna crostacei e pesce bianco<\/span><\/p>\n","protected":false},"featured_media":6241,"comment_status":"open","ping_status":"closed","template":"","meta":[],"yoast_head":"<!-- This site is optimized with the Yoast SEO plugin v15.7 - https:\/\/yoast.com\/wordpress\/plugins\/seo\/ -->\n<title>Champagne Brut Prestige Cheurlin &amp; Fils - Gustabacco - Menu Online<\/title>\n<meta name=\"robots\" content=\"index, follow, max-snippet:-1, max-image-preview:large, max-video-preview:-1\" \/>\n<link rel=\"canonical\" href=\"https:\/\/www.migliormenu.it\/gustabacco\/prodotto\/champagne-brut-prestige-cheurlin-fils\/\" \/>\n<meta property=\"og:locale\" content=\"it_IT\" \/>\n<meta property=\"og:type\" content=\"article\" \/>\n<meta property=\"og:title\" content=\"Champagne Brut Prestige Cheurlin &amp; Fils - Gustabacco - Menu Online\" \/>\n<meta property=\"og:description\" content=\"Produttore: Cheurlin et Fils Vitigno: &nbsp;50% Pinot Noir 25% Chardonnay 25% Pinot Blanc Gradazione Alcolica: 12% vol Formato: 0.75l Provenienza: Francia Abbinamenti: Accompagna crostacei e pesce bianco\" \/>\n<meta property=\"og:url\" content=\"https:\/\/www.migliormenu.it\/gustabacco\/prodotto\/champagne-brut-prestige-cheurlin-fils\/\" \/>\n<meta property=\"og:site_name\" content=\"Gustabacco - Menu Online\" \/>\n<meta property=\"article:modified_time\" content=\"2023-04-14T09:28:58+00:00\" \/>\n<meta name=\"twitter:card\" content=\"summary_large_image\" \/>\n<meta name=\"twitter:label1\" content=\"Tempo di lettura stimato\">\n\t<meta name=\"twitter:data1\" content=\"1 minuto\">\n<script type=\"application\/ld+json\" class=\"yoast-schema-graph\">{\"@context\":\"https:\/\/schema.org\",\"@graph\":[{\"@type\":\"WebSite\",\"@id\":\"https:\/\/www.migliormenu.it\/gustabacco\/#website\",\"url\":\"https:\/\/www.migliormenu.it\/gustabacco\/\",\"name\":\"Gustabacco - Menu Online\",\"description\":\"Coffee, Food e Drink\",\"potentialAction\":[{\"@type\":\"SearchAction\",\"target\":\"https:\/\/www.migliormenu.it\/gustabacco\/?s={search_term_string}\",\"query-input\":\"required name=search_term_string\"}],\"inLanguage\":\"it-IT\"},{\"@type\":\"ImageObject\",\"@id\":\"https:\/\/www.migliormenu.it\/gustabacco\/prodotto\/champagne-brut-prestige-cheurlin-fils\/#primaryimage\",\"inLanguage\":\"it-IT\",\"url\":\"https:\/\/www.migliormenu.it\/gustabacco\/wp-content\/uploads\/2023\/04\/cheurlin-champagne-prestige.jpg\",\"width\":1180,\"height\":1180},{\"@type\":\"WebPage\",\"@id\":\"https:\/\/www.migliormenu.it\/gustabacco\/prodotto\/champagne-brut-prestige-cheurlin-fils\/#webpage\",\"url\":\"https:\/\/www.migliormenu.it\/gustabacco\/prodotto\/champagne-brut-prestige-cheurlin-fils\/\",\"name\":\"Champagne Brut Prestige Cheurlin &amp; Fils - Gustabacco - Menu Online\",\"isPartOf\":{\"@id\":\"https:\/\/www.migliormenu.it\/gustabacco\/#website\"},\"primaryImageOfPage\":{\"@id\":\"https:\/\/www.migliormenu.it\/gustabacco\/prodotto\/champagne-brut-prestige-cheurlin-fils\/#primaryimage\"},\"datePublished\":\"2023-04-14T09:28:25+00:00\",\"dateModified\":\"2023-04-14T09:28:58+00:00\",\"inLanguage\":\"it-IT\",\"potentialAction\":[{\"@type\":\"ReadAction\",\"target\":[\"https:\/\/www.migliormenu.it\/gustabacco\/prodotto\/champagne-brut-prestige-cheurlin-fils\/\"]}]}]}<\/script>\n<!-- \/ Yoast SEO plugin. -->","_links":{"self":[{"href":"https:\/\/www.migliormenu.it\/gustabacco\/wp-json\/wp\/v2\/product\/6200"}],"collection":[{"href":"https:\/\/www.migliormenu.it\/gustabacco\/wp-json\/wp\/v2\/product"}],"about":[{"href":"https:\/\/www.migliormenu.it\/gustabacco\/wp-json\/wp\/v2\/types\/product"}],"replies":[{"embeddable":true,"href":"https:\/\/www.migliormenu.it\/gustabacco\/wp-json\/wp\/v2\/comments?post=6200"}],"wp:featuredmedia":[{"embeddable":true,"href":"https:\/\/www.migliormenu.it\/gustabacco\/wp-json\/wp\/v2\/media\/6241"}],"wp:attachment":[{"href":"https:\/\/www.migliormenu.it\/gustabacco\/wp-json\/wp\/v2\/media?parent=6200"}],"curies":[{"name":"wp","href":"https:\/\/api.w.org\/{rel}","templated":true}]}}