{"id":5193,"date":"2023-04-14T11:03:25","date_gmt":"2023-04-14T09:03:25","guid":{"rendered":"https:\/\/www.migliormenu.it\/gustabacco\/prodotto\/import-placeholder-for-4767\/"},"modified":"2023-04-14T11:03:41","modified_gmt":"2023-04-14T09:03:41","slug":"lacryma-christi-rosso-riserva-don-vincenzo-casa-setaro-2015","status":"publish","type":"product","link":"https:\/\/www.migliormenu.it\/gustabacco\/prodotto\/lacryma-christi-rosso-riserva-don-vincenzo-casa-setaro-2015\/","title":{"rendered":"Lacryma Christi Rosso Riserva Don Vincenzo Casa Setaro 2015"},"content":{"rendered":"<h2>Lacryma Christi Riserva Don Vincenzo<\/h2>\n<p>Il Lacryma Christi Rosso Riserva &ldquo;Don Vincenzo&rdquo; di Casa Setaro \u00e8 un vino intenso e strutturato, affinato in legno, che ben esprime le potenzialit\u00e0 del territorio dell&rsquo;area vesuviana per produrre rossi molto interessanti, con le uve dei vitigni autoctoni Piedirosso e Aglianico.<\/p>\n<h2 class=\"sectionHeader__title\">Casa Setaro<\/h2>\n<p class=\"sectionHeader__title\">Nel territorio del comune di Trecase, lungo le pendici di quello che \u00e8 il secondo vulcano pi\u00f9 grande d&rsquo;Italia, nel mezzo del Parco Nazionale del Vesuvio ricco di biodiversit\u00e0 e caratterizzato da un ecosistema unico al mondo, si trova l&rsquo;azienda vitivinicola &ldquo;Casa Setaro&rdquo;, da sempre a conduzione familiare, e soprattutto da sempre impegnata nella valorizzazione dei vitigni autoctoni della Campania. Oggi realt\u00e0 che, tra quelle regionali, riesce meglio di qualsiasi altra a conciliare e coniugare le pi\u00f9 antiche tradizioni con le pi\u00f9 moderne innovazioni, l&rsquo;azienda vede le sue redini rette da Massimo Setaro, coadiuvato dai figli e dalla moglie Mariarosaria. Dai bianchi ai rossi, fino ad arrivare ai Lacryma Christi del Vesuvio, sono vini inimitabili, quelli di &ldquo;Casa Setaro&rdquo;, che prendono i nomi di &ldquo;Don Vincenzo&rdquo;, &ldquo;Campanelle&rdquo;, &ldquo;Munazei&rdquo; e &ldquo;Terramatta&rdquo;, per arrivare al calice a sorprendere per intensit\u00e0, profondit\u00e0, lunghezza, bevibilit\u00e0 e aderenza territoriale.<\/p>\n","protected":false},"excerpt":{"rendered":"<p>Il Don Vincenzo Riserva \u00e8 una&nbsp;Lacryma Christi Rosso del Vesuvio dal profilo corposo, caldo ed elegante, maturata per 36 mesi in tonneau di rovere francese. Presenta un bouquet molto tipico, caratterizzato da note di geranio rosso, ciliegia matura, tocchi minerali e sensazioni di vaniglia in chiusura. Al sorso \u00e8 riempitivo, possente e intenso, si distingue per un armonico equilibrio tra le morbidezze e le componenti tanniche e di freschezza.<\/p>\n<div class=\"table__row\">\n<div class=\"grid\">\n<div class=\"grid__item width-5-12 desk-4-12\">\n<div class=\"table__row__element--name\"><strong>Denominazione<\/strong> <span style=\"font-size: 1rem\">Vesuvio DOC<\/span><\/div>\n<\/div>\n<\/div>\n<\/div>\n<div class=\"table__row\">\n<div class=\"grid\">\n<div class=\"grid__item width-5-12 desk-4-12\">\n<div class=\"table__row__element--name\"><strong>Vitigni<\/strong> <span style=\"font-size: 1rem\">Piedirosso 85%, Aglianico 15%<\/span><\/div>\n<\/div>\n<\/div>\n<\/div>\n<div class=\"table__row\">\n<div class=\"grid\">\n<div class=\"grid__item width-5-12 desk-4-12\">\n<div class=\"table__row__element--name\"><strong>Regione<\/strong> <span style=\"font-size: 1rem\">Campania<\/span><span style=\"font-size: 1rem\">&nbsp;(<\/span>Ital<span style=\"font-size: 1rem\">i<\/span>a<span style=\"font-size: 1rem\">)<\/span><\/div>\n<\/div>\n<\/div>\n<\/div>\n<div class=\"table__row\">\n<div class=\"grid\">\n<div class=\"grid__item width-5-12 desk-4-12\">\n<div class=\"table__row__element--name\"><strong>Gradazione<\/strong> <span style=\"font-size: 1rem\">14.0%<\/span><\/div>\n<\/div>\n<\/div>\n<\/div>\n<div class=\"table__row\">\n<div class=\"grid\">\n<div class=\"grid__item width-5-12 desk-4-12\">\n<div class=\"table__row__element--name\"><strong>Formato<\/strong> <span style=\"font-size: 1rem\">Bottiglia 75 cl<\/span><\/div>\n<\/div>\n<\/div>\n<\/div>\n<div class=\"table__row\">\n<div class=\"grid\">\n<div class=\"grid__item width-5-12 desk-4-12\">\n<div class=\"table__row__element--name\"><strong>Vigneti<\/strong> <span style=\"font-size: 1rem\">Nel Parco Nazionale del Vesuvio nella zona di Tirone della Guardia da viti di circa 15-25 anni site a 220-350 metri di altitudine<\/span><\/div>\n<\/div>\n<\/div>\n<\/div>\n","protected":false},"featured_media":5220,"comment_status":"open","ping_status":"closed","template":"","meta":[],"yoast_head":"<!-- This site is optimized with the Yoast SEO plugin v15.7 - https:\/\/yoast.com\/wordpress\/plugins\/seo\/ -->\n<title>Lacryma Christi Rosso Riserva Don Vincenzo Casa Setaro 2015 - Gustabacco - Menu Online<\/title>\n<meta name=\"robots\" content=\"index, follow, max-snippet:-1, max-image-preview:large, max-video-preview:-1\" \/>\n<link rel=\"canonical\" href=\"https:\/\/www.migliormenu.it\/gustabacco\/prodotto\/lacryma-christi-rosso-riserva-don-vincenzo-casa-setaro-2015\/\" \/>\n<meta property=\"og:locale\" content=\"it_IT\" \/>\n<meta property=\"og:type\" content=\"article\" \/>\n<meta property=\"og:title\" content=\"Lacryma Christi Rosso Riserva Don Vincenzo Casa Setaro 2015 - Gustabacco - Menu Online\" \/>\n<meta property=\"og:description\" content=\"Il Don Vincenzo Riserva \u00e8 una&nbsp;Lacryma Christi Rosso del Vesuvio dal profilo corposo, caldo ed elegante, maturata per 36 mesi in tonneau di rovere francese. Presenta un bouquet molto tipico, caratterizzato da note di geranio rosso, ciliegia matura, tocchi minerali e sensazioni di vaniglia in chiusura. Al sorso \u00e8 riempitivo, possente e intenso, si distingue per un armonico equilibrio tra le morbidezze e le componenti tanniche e di freschezza.   Denominazione Vesuvio DOC    Vitigni Piedirosso 85%, Aglianico 15%    Regione Campania&nbsp;(Italia)    Gradazione 14.0%    Formato Bottiglia 75 cl    Vigneti Nel Parco Nazionale del Vesuvio nella zona di Tirone della Guardia da viti di circa 15-25 anni site a 220-350 metri di altitudine\" \/>\n<meta property=\"og:url\" content=\"https:\/\/www.migliormenu.it\/gustabacco\/prodotto\/lacryma-christi-rosso-riserva-don-vincenzo-casa-setaro-2015\/\" \/>\n<meta property=\"og:site_name\" content=\"Gustabacco - Menu Online\" \/>\n<meta property=\"article:modified_time\" content=\"2023-04-14T09:03:41+00:00\" \/>\n<meta name=\"twitter:card\" content=\"summary_large_image\" \/>\n<meta name=\"twitter:label1\" content=\"Tempo di lettura stimato\">\n\t<meta name=\"twitter:data1\" content=\"1 minuto\">\n<script type=\"application\/ld+json\" class=\"yoast-schema-graph\">{\"@context\":\"https:\/\/schema.org\",\"@graph\":[{\"@type\":\"WebSite\",\"@id\":\"https:\/\/www.migliormenu.it\/gustabacco\/#website\",\"url\":\"https:\/\/www.migliormenu.it\/gustabacco\/\",\"name\":\"Gustabacco - Menu Online\",\"description\":\"Coffee, Food e Drink\",\"potentialAction\":[{\"@type\":\"SearchAction\",\"target\":\"https:\/\/www.migliormenu.it\/gustabacco\/?s={search_term_string}\",\"query-input\":\"required name=search_term_string\"}],\"inLanguage\":\"it-IT\"},{\"@type\":\"ImageObject\",\"@id\":\"https:\/\/www.migliormenu.it\/gustabacco\/prodotto\/lacryma-christi-rosso-riserva-don-vincenzo-casa-setaro-2015\/#primaryimage\",\"inLanguage\":\"it-IT\",\"url\":\"https:\/\/www.migliormenu.it\/gustabacco\/wp-content\/uploads\/2023\/04\/don-vincenzo-1.jpg\",\"width\":1080,\"height\":1080},{\"@type\":\"WebPage\",\"@id\":\"https:\/\/www.migliormenu.it\/gustabacco\/prodotto\/lacryma-christi-rosso-riserva-don-vincenzo-casa-setaro-2015\/#webpage\",\"url\":\"https:\/\/www.migliormenu.it\/gustabacco\/prodotto\/lacryma-christi-rosso-riserva-don-vincenzo-casa-setaro-2015\/\",\"name\":\"Lacryma Christi Rosso Riserva Don Vincenzo Casa Setaro 2015 - Gustabacco - Menu Online\",\"isPartOf\":{\"@id\":\"https:\/\/www.migliormenu.it\/gustabacco\/#website\"},\"primaryImageOfPage\":{\"@id\":\"https:\/\/www.migliormenu.it\/gustabacco\/prodotto\/lacryma-christi-rosso-riserva-don-vincenzo-casa-setaro-2015\/#primaryimage\"},\"datePublished\":\"2023-04-14T09:03:25+00:00\",\"dateModified\":\"2023-04-14T09:03:41+00:00\",\"inLanguage\":\"it-IT\",\"potentialAction\":[{\"@type\":\"ReadAction\",\"target\":[\"https:\/\/www.migliormenu.it\/gustabacco\/prodotto\/lacryma-christi-rosso-riserva-don-vincenzo-casa-setaro-2015\/\"]}]}]}<\/script>\n<!-- \/ Yoast SEO plugin. -->","_links":{"self":[{"href":"https:\/\/www.migliormenu.it\/gustabacco\/wp-json\/wp\/v2\/product\/5193"}],"collection":[{"href":"https:\/\/www.migliormenu.it\/gustabacco\/wp-json\/wp\/v2\/product"}],"about":[{"href":"https:\/\/www.migliormenu.it\/gustabacco\/wp-json\/wp\/v2\/types\/product"}],"replies":[{"embeddable":true,"href":"https:\/\/www.migliormenu.it\/gustabacco\/wp-json\/wp\/v2\/comments?post=5193"}],"wp:featuredmedia":[{"embeddable":true,"href":"https:\/\/www.migliormenu.it\/gustabacco\/wp-json\/wp\/v2\/media\/5220"}],"wp:attachment":[{"href":"https:\/\/www.migliormenu.it\/gustabacco\/wp-json\/wp\/v2\/media?parent=5193"}],"curies":[{"name":"wp","href":"https:\/\/api.w.org\/{rel}","templated":true}]}}