{"id":5190,"date":"2023-04-14T11:03:24","date_gmt":"2023-04-14T09:03:24","guid":{"rendered":"https:\/\/www.migliormenu.it\/gustabacco\/prodotto\/import-placeholder-for-4753\/"},"modified":"2023-04-14T11:03:38","modified_gmt":"2023-04-14T09:03:38","slug":"munazei-lacryma-christi-rosato-2020-casa-setaro","status":"publish","type":"product","link":"https:\/\/www.migliormenu.it\/gustabacco\/prodotto\/munazei-lacryma-christi-rosato-2020-casa-setaro\/","title":{"rendered":"Munazei Lacryma Christi Rosato 2020 Casa Setaro"},"content":{"rendered":"<h2>Lacryma Christi Rosato<\/h2>\n<p>Il vino campano Lacryma Christi Rosato &ldquo;Munazei&rdquo; nasce dalla fruttuosa relazione tra un vitigno autoctono, il Piedirosso, e il territorio del Parco Nazionale del Vesuvio, fortemente vocato alla sua coltivazione. Ne scaturisce un prodotto dal sorso sapido e fresco, che rivela al naso un bouquet&nbsp;tipicamente mediterraneo, da cui emergono anche sfumature marine. Un&rsquo;etichetta firmata Casa Setaro che, tra i tanti pregi, ha anche quello di presentarsi con un prezzo finale particolarmente accattivante.<\/p>\n<h2 class=\"sectionHeader__title\">Casa Setaro<\/h2>\n<p class=\"sectionHeader__title\">Nel territorio del comune di Trecase, lungo le pendici di quello che \u00e8 il secondo vulcano pi\u00f9 grande d&rsquo;Italia, nel mezzo del Parco Nazionale del Vesuvio ricco di biodiversit\u00e0 e caratterizzato da un ecosistema unico al mondo, si trova l&rsquo;azienda vitivinicola &ldquo;Casa Setaro&rdquo;, da sempre a conduzione familiare, e soprattutto da sempre impegnata nella valorizzazione dei vitigni autoctoni della Campania. Oggi realt\u00e0 che, tra quelle regionali, riesce meglio di qualsiasi altra a conciliare e coniugare le pi\u00f9 antiche tradizioni con le pi\u00f9 moderne innovazioni, l&rsquo;azienda vede le sue redini rette da Massimo Setaro, coadiuvato dai figli e dalla moglie Mariarosaria. Dai bianchi ai rossi, fino ad arrivare ai Lacryma Christi del Vesuvio, sono vini inimitabili, quelli di &ldquo;Casa Setaro&rdquo;, che prendono i nomi di &ldquo;Don Vincenzo&rdquo;, &ldquo;Campanelle&rdquo;, &ldquo;Munazei&rdquo; e &ldquo;Terramatta&rdquo;, per arrivare al calice a sorprendere per intensit\u00e0, profondit\u00e0, lunghezza, bevibilit\u00e0 e aderenza territoriale.<\/p>\n","protected":false},"excerpt":{"rendered":"<p>Il Lacryma Christi&nbsp;Rosato deriva da uve Piedirosso in purezza di circa 25 anni coltivate sulle sponde del Vesuvio. Dopo un affinamento in acciaio di pochi mesi, mostra un profilo mediterraneo e vulcanico con accenti floreali e fruttati. Il gusto \u00e8 comandato da una freschezza minerale e salina che lo rende succoso, leggero e beverino.<\/p>\n<div class=\"table__row\">\n<div class=\"grid\">\n<div class=\"grid__item width-5-12 desk-4-12\">\n<div class=\"table__row__element--name\"><strong>Denominazione<\/strong> <span style=\"font-size: 1rem\">Vesuvio DOC<\/span><\/div>\n<\/div>\n<\/div>\n<\/div>\n<div class=\"table__row\">\n<div class=\"grid\">\n<div class=\"grid__item width-5-12 desk-4-12\">\n<div class=\"table__row__element--name\"><strong>Vitigni<\/strong> <span style=\"font-size: 1rem\">Piedirosso 100%<\/span><\/div>\n<\/div>\n<\/div>\n<\/div>\n<div class=\"table__row\">\n<div class=\"grid\">\n<div class=\"grid__item width-5-12 desk-4-12\">\n<div class=\"table__row__element--name\"><strong>Regione<\/strong> <span style=\"font-size: 1rem\">Campania<\/span><span style=\"font-size: 1rem\">&nbsp;(<\/span>Ita<span style=\"font-size: 1rem\">li<\/span>a<span style=\"font-size: 1rem\">)<\/span><\/div>\n<\/div>\n<\/div>\n<\/div>\n<div class=\"table__row\">\n<div class=\"grid\">\n<div class=\"grid__item width-5-12 desk-4-12\">\n<div class=\"table__row__element--name\"><strong>Gradazione<\/strong> <span style=\"font-size: 1rem\">13.0%<\/span><\/div>\n<\/div>\n<\/div>\n<\/div>\n<div class=\"table__row\">\n<div class=\"grid\">\n<div class=\"grid__item width-5-12 desk-4-12\">\n<div class=\"table__row__element--name\"><strong>Formato<\/strong> <span style=\"font-size: 1rem\">75 cl<\/span><\/div>\n<\/div>\n<\/div>\n<\/div>\n<div class=\"table__row\">\n<div class=\"grid\">\n<div class=\"grid__item width-5-12 desk-4-12\">\n<div class=\"table__row__element--name\"><strong>Vigneti<\/strong> <span style=\"font-size: 1rem\">Nel Parco Nazionale del Vesuvio da viti di circa 20 anni site a 300-350 metri di altitudine<\/span><\/div>\n<\/div>\n<\/div>\n<\/div>\n<div class=\"table__row\">\n<div class=\"grid\">\n<div class=\"grid__item width-5-12 desk-4-12\">&nbsp;<\/div>\n<\/div>\n<\/div>\n<div class=\"table__row\">\n<div class=\"grid\">\n<div class=\"grid__item width-7-12 desk-8-12\">\n<div class=\"table__row__element--txt\">&nbsp;<\/div>\n<\/div>\n<\/div>\n<\/div>\n","protected":false},"featured_media":5218,"comment_status":"open","ping_status":"closed","template":"","meta":[],"yoast_head":"<!-- This site is optimized with the Yoast SEO plugin v15.7 - https:\/\/yoast.com\/wordpress\/plugins\/seo\/ -->\n<title>Munazei Lacryma Christi Rosato 2020 Casa Setaro - Gustabacco - Menu Online<\/title>\n<meta name=\"robots\" content=\"index, follow, max-snippet:-1, max-image-preview:large, max-video-preview:-1\" \/>\n<link rel=\"canonical\" href=\"https:\/\/www.migliormenu.it\/gustabacco\/prodotto\/munazei-lacryma-christi-rosato-2020-casa-setaro\/\" \/>\n<meta property=\"og:locale\" content=\"it_IT\" \/>\n<meta property=\"og:type\" content=\"article\" \/>\n<meta property=\"og:title\" content=\"Munazei Lacryma Christi Rosato 2020 Casa Setaro - Gustabacco - Menu Online\" \/>\n<meta property=\"og:description\" content=\"Il Lacryma Christi&nbsp;Rosato deriva da uve Piedirosso in purezza di circa 25 anni coltivate sulle sponde del Vesuvio. Dopo un affinamento in acciaio di pochi mesi, mostra un profilo mediterraneo e vulcanico con accenti floreali e fruttati. Il gusto \u00e8 comandato da una freschezza minerale e salina che lo rende succoso, leggero e beverino.   Denominazione Vesuvio DOC    Vitigni Piedirosso 100%    Regione Campania&nbsp;(Italia)    Gradazione 13.0%    Formato 75 cl    Vigneti Nel Parco Nazionale del Vesuvio da viti di circa 20 anni site a 300-350 metri di altitudine    &nbsp;    &nbsp;\" \/>\n<meta property=\"og:url\" content=\"https:\/\/www.migliormenu.it\/gustabacco\/prodotto\/munazei-lacryma-christi-rosato-2020-casa-setaro\/\" \/>\n<meta property=\"og:site_name\" content=\"Gustabacco - Menu Online\" \/>\n<meta property=\"article:modified_time\" content=\"2023-04-14T09:03:38+00:00\" \/>\n<meta name=\"twitter:card\" content=\"summary_large_image\" \/>\n<meta name=\"twitter:label1\" content=\"Tempo di lettura stimato\">\n\t<meta name=\"twitter:data1\" content=\"1 minuto\">\n<script type=\"application\/ld+json\" class=\"yoast-schema-graph\">{\"@context\":\"https:\/\/schema.org\",\"@graph\":[{\"@type\":\"WebSite\",\"@id\":\"https:\/\/www.migliormenu.it\/gustabacco\/#website\",\"url\":\"https:\/\/www.migliormenu.it\/gustabacco\/\",\"name\":\"Gustabacco - Menu Online\",\"description\":\"Coffee, Food e Drink\",\"potentialAction\":[{\"@type\":\"SearchAction\",\"target\":\"https:\/\/www.migliormenu.it\/gustabacco\/?s={search_term_string}\",\"query-input\":\"required name=search_term_string\"}],\"inLanguage\":\"it-IT\"},{\"@type\":\"ImageObject\",\"@id\":\"https:\/\/www.migliormenu.it\/gustabacco\/prodotto\/munazei-lacryma-christi-rosato-2020-casa-setaro\/#primaryimage\",\"inLanguage\":\"it-IT\",\"url\":\"https:\/\/www.migliormenu.it\/gustabacco\/wp-content\/uploads\/2023\/04\/munazei-rosato.jpg\",\"width\":1080,\"height\":1080},{\"@type\":\"WebPage\",\"@id\":\"https:\/\/www.migliormenu.it\/gustabacco\/prodotto\/munazei-lacryma-christi-rosato-2020-casa-setaro\/#webpage\",\"url\":\"https:\/\/www.migliormenu.it\/gustabacco\/prodotto\/munazei-lacryma-christi-rosato-2020-casa-setaro\/\",\"name\":\"Munazei Lacryma Christi Rosato 2020 Casa Setaro - Gustabacco - Menu Online\",\"isPartOf\":{\"@id\":\"https:\/\/www.migliormenu.it\/gustabacco\/#website\"},\"primaryImageOfPage\":{\"@id\":\"https:\/\/www.migliormenu.it\/gustabacco\/prodotto\/munazei-lacryma-christi-rosato-2020-casa-setaro\/#primaryimage\"},\"datePublished\":\"2023-04-14T09:03:24+00:00\",\"dateModified\":\"2023-04-14T09:03:38+00:00\",\"inLanguage\":\"it-IT\",\"potentialAction\":[{\"@type\":\"ReadAction\",\"target\":[\"https:\/\/www.migliormenu.it\/gustabacco\/prodotto\/munazei-lacryma-christi-rosato-2020-casa-setaro\/\"]}]}]}<\/script>\n<!-- \/ Yoast SEO plugin. -->","_links":{"self":[{"href":"https:\/\/www.migliormenu.it\/gustabacco\/wp-json\/wp\/v2\/product\/5190"}],"collection":[{"href":"https:\/\/www.migliormenu.it\/gustabacco\/wp-json\/wp\/v2\/product"}],"about":[{"href":"https:\/\/www.migliormenu.it\/gustabacco\/wp-json\/wp\/v2\/types\/product"}],"replies":[{"embeddable":true,"href":"https:\/\/www.migliormenu.it\/gustabacco\/wp-json\/wp\/v2\/comments?post=5190"}],"wp:featuredmedia":[{"embeddable":true,"href":"https:\/\/www.migliormenu.it\/gustabacco\/wp-json\/wp\/v2\/media\/5218"}],"wp:attachment":[{"href":"https:\/\/www.migliormenu.it\/gustabacco\/wp-json\/wp\/v2\/media?parent=5190"}],"curies":[{"name":"wp","href":"https:\/\/api.w.org\/{rel}","templated":true}]}}