{"id":3355,"date":"2023-04-12T16:24:04","date_gmt":"2023-04-12T14:24:04","guid":{"rendered":"https:\/\/www.migliormenu.it\/gustabacco\/prodotto\/import-placeholder-for-10925\/"},"modified":"2023-04-12T16:24:23","modified_gmt":"2023-04-12T14:24:23","slug":"gin-mare-capri","status":"publish","type":"product","link":"https:\/\/www.migliormenu.it\/gustabacco\/prodotto\/gin-mare-capri\/","title":{"rendered":"Gin Mare Capri"},"content":{"rendered":"<p>L&#039;edizione &#8220;Capri&#8221; rappresenta la relazione della distilleria con la splendida isola campana del Mediterraneo; il distillato Premium mantiene il suo dna marino che caratterizza tutta la distilleria, aggiungendo per questa edizione in serie limitata i limoni ed i bergamotti dell&#039;isola antistante l&#039;isola sorrentina, che dona una nuova interpretazione dello stile mediterraneo che caratterizzano tutti i i Gin Mare.<\/p>\n<p>Dalla sua bottiglia si pu\u00f2 evincere, attraverso i suoi riflessi bianchi e blu, le onde del mare, il rapporto tra mare e cielo, la sua natura prettamente mediterranea.<\/p>\n<p>Il Gin Mare \u00e8 un distillato nato in Spagna su iniziativa della famiglia Giro, nel piccolo borgo spagnolo di Vilanova, in Catalogna nei dintorni di Barcellona. La famiglia lanci\u00f2 il suo primo distillato nel 1940, il Gin MG, tutt&#039;ora uno dei pi\u00f9 venduti in Spagna; la distilleria, giunta oggi alla terza generazione \u00e8 rappresentata da Marc e Manuel Giro.<\/p>\n<p>I due fratelli iniziarono a maturare l&#039;idea di creare un gin che racchiudesse le botaniche locali, finch\u00e9 nel 2007, grazie anche alla collaborazione con la Global Premium Brands, crearono il Gin Mare.<\/p>\n<p>Prima di definire il giusto mix e lanciare il distillato, vennero combinate svariate botaniche, distillate separatamente ben 45, per poi passare all&#039;ardua selezione; effettuata la selezione delle botaniche distillate separatamente, decisero di aggiungere anche le olive di Arbequina, una variet\u00e0 di olive raccolte in Catalogna che offre una ricca concentrazione aromatica (basti pensare che per produrre un litro di olio sono necessarie 7 chili di olive).<\/p>\n<p>Il Gin Mare viene prodotto attraverso un processo di distillazione effettuato in alambicchi artigianali fiorentini, della capienza di appena 250 litri. Il gin racchiude tutte le essenze del mediterraneo, viene ottenuto, in particolare, dall&#039;infusione di cinque botaniche principali, come: le arance di Valencia, che vengono lasciate macerare per oltre 300 giorni, basilico italiano, il timo greco, il rosmarino turco e le gi\u00e0 citate olive catalane, la cui acidit\u00e0 cambia di anno in anno, rendendo ogni distillazione che d\u00e0 vita il Gin Mare un processo unico<\/p>\n","protected":false},"excerpt":{"rendered":"<p><strong>VITIGNO:<\/strong> Ginepro, scorze di limoni, bergamotto campano<\/p>\n<p><strong>&nbsp;PROVENIENZA:<\/strong> Spagna<\/p>\n<p><strong>&nbsp;ABBINAMENTI<\/strong>: Ideale in miscelazione, nella composizione di un fresco Gin tonic.<\/p>\n<p><strong>&nbsp;PRODUTTORE:<\/strong> Gin Mare<\/p>\n<p><strong>&nbsp;CAPACIT\u00c0:<\/strong> 1 L<\/p>\n<p><strong>GRADAZIONE:<\/strong> 42.7%<\/p>\n","protected":false},"featured_media":3385,"comment_status":"open","ping_status":"closed","template":"","meta":[],"yoast_head":"<!-- This site is optimized with the Yoast SEO plugin v15.7 - https:\/\/yoast.com\/wordpress\/plugins\/seo\/ -->\n<title>Gin Mare Capri - Gustabacco - Menu Online<\/title>\n<meta name=\"robots\" content=\"index, follow, max-snippet:-1, max-image-preview:large, max-video-preview:-1\" \/>\n<link rel=\"canonical\" href=\"https:\/\/www.migliormenu.it\/gustabacco\/prodotto\/gin-mare-capri\/\" \/>\n<meta property=\"og:locale\" content=\"it_IT\" \/>\n<meta property=\"og:type\" content=\"article\" \/>\n<meta property=\"og:title\" content=\"Gin Mare Capri - Gustabacco - Menu Online\" \/>\n<meta property=\"og:description\" content=\"VITIGNO: Ginepro, scorze di limoni, bergamotto campano &nbsp;PROVENIENZA: Spagna &nbsp;ABBINAMENTI: Ideale in miscelazione, nella composizione di un fresco Gin tonic. &nbsp;PRODUTTORE: Gin Mare &nbsp;CAPACIT\u00c0: 1 L GRADAZIONE: 42.7%\" \/>\n<meta property=\"og:url\" content=\"https:\/\/www.migliormenu.it\/gustabacco\/prodotto\/gin-mare-capri\/\" \/>\n<meta property=\"og:site_name\" content=\"Gustabacco - Menu Online\" \/>\n<meta property=\"article:modified_time\" content=\"2023-04-12T14:24:23+00:00\" \/>\n<meta name=\"twitter:card\" content=\"summary_large_image\" \/>\n<meta name=\"twitter:label1\" content=\"Tempo di lettura stimato\">\n\t<meta name=\"twitter:data1\" content=\"2 minuti\">\n<script type=\"application\/ld+json\" class=\"yoast-schema-graph\">{\"@context\":\"https:\/\/schema.org\",\"@graph\":[{\"@type\":\"WebSite\",\"@id\":\"https:\/\/www.migliormenu.it\/gustabacco\/#website\",\"url\":\"https:\/\/www.migliormenu.it\/gustabacco\/\",\"name\":\"Gustabacco - Menu Online\",\"description\":\"Coffee, Food e Drink\",\"potentialAction\":[{\"@type\":\"SearchAction\",\"target\":\"https:\/\/www.migliormenu.it\/gustabacco\/?s={search_term_string}\",\"query-input\":\"required name=search_term_string\"}],\"inLanguage\":\"it-IT\"},{\"@type\":\"ImageObject\",\"@id\":\"https:\/\/www.migliormenu.it\/gustabacco\/prodotto\/gin-mare-capri\/#primaryimage\",\"inLanguage\":\"it-IT\",\"url\":\"https:\/\/www.migliormenu.it\/gustabacco\/wp-content\/uploads\/2023\/04\/New-Project-16.jpg\",\"width\":1180,\"height\":1180},{\"@type\":\"WebPage\",\"@id\":\"https:\/\/www.migliormenu.it\/gustabacco\/prodotto\/gin-mare-capri\/#webpage\",\"url\":\"https:\/\/www.migliormenu.it\/gustabacco\/prodotto\/gin-mare-capri\/\",\"name\":\"Gin Mare Capri - Gustabacco - Menu Online\",\"isPartOf\":{\"@id\":\"https:\/\/www.migliormenu.it\/gustabacco\/#website\"},\"primaryImageOfPage\":{\"@id\":\"https:\/\/www.migliormenu.it\/gustabacco\/prodotto\/gin-mare-capri\/#primaryimage\"},\"datePublished\":\"2023-04-12T14:24:04+00:00\",\"dateModified\":\"2023-04-12T14:24:23+00:00\",\"inLanguage\":\"it-IT\",\"potentialAction\":[{\"@type\":\"ReadAction\",\"target\":[\"https:\/\/www.migliormenu.it\/gustabacco\/prodotto\/gin-mare-capri\/\"]}]}]}<\/script>\n<!-- \/ Yoast SEO plugin. -->","_links":{"self":[{"href":"https:\/\/www.migliormenu.it\/gustabacco\/wp-json\/wp\/v2\/product\/3355"}],"collection":[{"href":"https:\/\/www.migliormenu.it\/gustabacco\/wp-json\/wp\/v2\/product"}],"about":[{"href":"https:\/\/www.migliormenu.it\/gustabacco\/wp-json\/wp\/v2\/types\/product"}],"replies":[{"embeddable":true,"href":"https:\/\/www.migliormenu.it\/gustabacco\/wp-json\/wp\/v2\/comments?post=3355"}],"wp:featuredmedia":[{"embeddable":true,"href":"https:\/\/www.migliormenu.it\/gustabacco\/wp-json\/wp\/v2\/media\/3385"}],"wp:attachment":[{"href":"https:\/\/www.migliormenu.it\/gustabacco\/wp-json\/wp\/v2\/media?parent=3355"}],"curies":[{"name":"wp","href":"https:\/\/api.w.org\/{rel}","templated":true}]}}