{"id":3135,"date":"2023-04-12T16:21:38","date_gmt":"2023-04-12T14:21:38","guid":{"rendered":"https:\/\/www.migliormenu.it\/gustabacco\/prodotto\/import-placeholder-for-5451\/"},"modified":"2023-04-12T16:21:43","modified_gmt":"2023-04-12T14:21:43","slug":"cognac-xo-fine-champagne-de-fussigny-70cl-astucciato","status":"publish","type":"product","link":"https:\/\/www.migliormenu.it\/gustabacco\/prodotto\/cognac-xo-fine-champagne-de-fussigny-70cl-astucciato\/","title":{"rendered":"Cognac XO Fine Champagne De Fussigny 70cl (Astucciato)"},"content":{"rendered":"<p><span class=\"notranslate\">Per gli amanti e gli intenditori del Cognac, non ci sono altri\u00a0distillati\u00a0paragonabili.<\/span><\/p>\n<p><span class=\"notranslate\">L&#8217;Eau de Parfume\u00a0<strong>Fussigny XO Fine Champagne Cognac<\/strong>\u00a0\u00e8 \u200b\u200buna miscela di eaux-de-vie del terroir Grande Champagne e Petite Champagne.<\/span>\u00a0<span class=\"notranslate\">Questa miscela di\u00a0<\/span><span class=\"notranslate\">Petite Champagne 60%, Fins Bois 30% e premier cru Grande Champagne 10%, insieme al processo che si svolge nelle umide cantine della zona del fiume Charente di A. de Fussigny, ha portato ad un Cognac aromatico e sapido che \u00e8 tanto contemporaneo quanto un&#8217;esperienza di gusto.<\/span><\/p>\n<p><span class=\"notranslate\">Secondo le normativa vigente, il cognac xo non pu\u00f2 avere un invecchiamento inferiore a 6 anni, assaggiando questo prodotto, ci si rende conto che il suo invecchiamento si \u00e8 prolungato enormemente di pi\u00f9, dovrebbe essere intorno ai 25 anni. Ci\u00f2 ha fatto si che sia all&#8217;olfatto che al gusto, risulti estremamente complesso ed elegante, con note di frutta secca, vaniglia e liquirizia. Finale estremamente ampio, avvolgente e decisamente lungo.<\/span><\/p>\n<p><span class=\"notranslate\">La confezione \u00e8 moderna, quasi futuristica quando si tratta del tradizionale mondo del Cognac.<\/span>\u00a0<span class=\"notranslate\">Racchiuso in una elegantissima bottiglia che sembra quella di un profumo, \u00e8 certamente un Cognac da discutere a lungo.<\/span>\u00a0<span class=\"notranslate\">Ideale da acquistare come regalo per chi ama le cose belle della vita.<\/span><\/p>\n","protected":false},"excerpt":{"rendered":"<p><span style=\"font-size: 1rem\">A. de Fussigny XO Fine Champagne Cognac \u00e8 una miscela di acquaviti ottenuta da almeno il 50% di vini di Grande Champagne.<\/span><\/p>\n<p><strong>Tipologia:<\/strong>\u00a0Cognac Extra Old<br \/>\n<strong>Acquavite:<\/strong> Champagne<br \/>\n<strong>Provenienza:<\/strong>\u00a0Cognac<em> \u2013<\/em> Francia<br \/>\n<strong>Volume alcolico:<\/strong>\u00a040%<\/p>\n","protected":false},"featured_media":3150,"comment_status":"open","ping_status":"closed","template":"","meta":[],"yoast_head":"<!-- This site is optimized with the Yoast SEO plugin v15.7 - https:\/\/yoast.com\/wordpress\/plugins\/seo\/ -->\n<title>Cognac XO Fine Champagne De Fussigny 70cl (Astucciato) - Gustabacco - Menu Online<\/title>\n<meta name=\"robots\" content=\"index, follow, max-snippet:-1, max-image-preview:large, max-video-preview:-1\" \/>\n<link rel=\"canonical\" href=\"https:\/\/www.migliormenu.it\/gustabacco\/prodotto\/cognac-xo-fine-champagne-de-fussigny-70cl-astucciato\/\" \/>\n<meta property=\"og:locale\" content=\"it_IT\" \/>\n<meta property=\"og:type\" content=\"article\" \/>\n<meta property=\"og:title\" content=\"Cognac XO Fine Champagne De Fussigny 70cl (Astucciato) - Gustabacco - Menu Online\" \/>\n<meta property=\"og:description\" content=\"A. de Fussigny XO Fine Champagne Cognac \u00e8 una miscela di acquaviti ottenuta da almeno il 50% di vini di Grande Champagne. Tipologia:\u00a0Cognac Extra Old Acquavite: Champagne Provenienza:\u00a0Cognac \u2013 Francia Volume alcolico:\u00a040%\" \/>\n<meta property=\"og:url\" content=\"https:\/\/www.migliormenu.it\/gustabacco\/prodotto\/cognac-xo-fine-champagne-de-fussigny-70cl-astucciato\/\" \/>\n<meta property=\"og:site_name\" content=\"Gustabacco - Menu Online\" \/>\n<meta property=\"article:modified_time\" content=\"2023-04-12T14:21:43+00:00\" \/>\n<meta name=\"twitter:card\" content=\"summary_large_image\" \/>\n<meta name=\"twitter:label1\" content=\"Tempo di lettura stimato\">\n\t<meta name=\"twitter:data1\" content=\"1 minuto\">\n<script type=\"application\/ld+json\" class=\"yoast-schema-graph\">{\"@context\":\"https:\/\/schema.org\",\"@graph\":[{\"@type\":\"WebSite\",\"@id\":\"https:\/\/www.migliormenu.it\/gustabacco\/#website\",\"url\":\"https:\/\/www.migliormenu.it\/gustabacco\/\",\"name\":\"Gustabacco - Menu Online\",\"description\":\"Coffee, Food e Drink\",\"potentialAction\":[{\"@type\":\"SearchAction\",\"target\":\"https:\/\/www.migliormenu.it\/gustabacco\/?s={search_term_string}\",\"query-input\":\"required name=search_term_string\"}],\"inLanguage\":\"it-IT\"},{\"@type\":\"ImageObject\",\"@id\":\"https:\/\/www.migliormenu.it\/gustabacco\/prodotto\/cognac-xo-fine-champagne-de-fussigny-70cl-astucciato\/#primaryimage\",\"inLanguage\":\"it-IT\",\"url\":\"https:\/\/www.migliormenu.it\/gustabacco\/wp-content\/uploads\/2023\/04\/cognac-de-fussigny-xo.jpg\",\"width\":1180,\"height\":1180},{\"@type\":\"WebPage\",\"@id\":\"https:\/\/www.migliormenu.it\/gustabacco\/prodotto\/cognac-xo-fine-champagne-de-fussigny-70cl-astucciato\/#webpage\",\"url\":\"https:\/\/www.migliormenu.it\/gustabacco\/prodotto\/cognac-xo-fine-champagne-de-fussigny-70cl-astucciato\/\",\"name\":\"Cognac XO Fine Champagne De Fussigny 70cl (Astucciato) - Gustabacco - Menu Online\",\"isPartOf\":{\"@id\":\"https:\/\/www.migliormenu.it\/gustabacco\/#website\"},\"primaryImageOfPage\":{\"@id\":\"https:\/\/www.migliormenu.it\/gustabacco\/prodotto\/cognac-xo-fine-champagne-de-fussigny-70cl-astucciato\/#primaryimage\"},\"datePublished\":\"2023-04-12T14:21:38+00:00\",\"dateModified\":\"2023-04-12T14:21:43+00:00\",\"inLanguage\":\"it-IT\",\"potentialAction\":[{\"@type\":\"ReadAction\",\"target\":[\"https:\/\/www.migliormenu.it\/gustabacco\/prodotto\/cognac-xo-fine-champagne-de-fussigny-70cl-astucciato\/\"]}]}]}<\/script>\n<!-- \/ Yoast SEO plugin. -->","_links":{"self":[{"href":"https:\/\/www.migliormenu.it\/gustabacco\/wp-json\/wp\/v2\/product\/3135"}],"collection":[{"href":"https:\/\/www.migliormenu.it\/gustabacco\/wp-json\/wp\/v2\/product"}],"about":[{"href":"https:\/\/www.migliormenu.it\/gustabacco\/wp-json\/wp\/v2\/types\/product"}],"replies":[{"embeddable":true,"href":"https:\/\/www.migliormenu.it\/gustabacco\/wp-json\/wp\/v2\/comments?post=3135"}],"wp:featuredmedia":[{"embeddable":true,"href":"https:\/\/www.migliormenu.it\/gustabacco\/wp-json\/wp\/v2\/media\/3150"}],"wp:attachment":[{"href":"https:\/\/www.migliormenu.it\/gustabacco\/wp-json\/wp\/v2\/media?parent=3135"}],"curies":[{"name":"wp","href":"https:\/\/api.w.org\/{rel}","templated":true}]}}