{"id":2848,"date":"2023-04-12T16:18:41","date_gmt":"2023-04-12T14:18:41","guid":{"rendered":"https:\/\/www.migliormenu.it\/gustabacco\/prodotto\/import-placeholder-for-3835\/"},"modified":"2023-04-12T16:18:52","modified_gmt":"2023-04-12T14:18:52","slug":"rhum-j-m-martinique-v-s-o-p-vieux-agricole","status":"publish","type":"product","link":"https:\/\/www.migliormenu.it\/gustabacco\/prodotto\/rhum-j-m-martinique-v-s-o-p-vieux-agricole\/","title":{"rendered":"Rhum J.M  Martinique V.S.O.P Vieux Agricole"},"content":{"rendered":"<h1>NOTE DI DEGUSTAZIONE<\/h1>\n<p>Dorato intenso e profondo il colore alla vista. Al naso aprono l&rsquo;ingresso spiccate note di bois\u00e9, seguite successivamente da sentori fruttati, da note speziate e da richiami al caff\u00e8 tostato. Il sorso \u00e8 perfettamente equilibrato tra potenza e piacevolezza, con vaniglia, cannella e frutta candita a dettare il passo nel retrogusto.<\/p>\n<h1>DESCRIZIONE<\/h1>\n<p>La canna da zucchero viene raccolta e lavorata entro un&rsquo;ora, la distillazione avviene in un alambicco a doppia colonna in rame tipo Creolo, e l&rsquo;acqua adoperata proviene da una pura sorgente di origine vulcanica: queste sono le basi da cui si parte per arrivare a ottenere il Martinique Rhum Vieux Agricole V. S. O. P. di J.M., invecchiato per almeno quatto anni prima di essere imbottigliato. Sceglietelo per le vostre migliori serate tra amici e vi regaler\u00e0 soddisfazioni garantite.<\/p>\n<h1>PRODUZIONE<\/h1>\n<p>La storia moderna delle distillerie J.M. inizia nel 1914, quando Gustave Crassous de M\u00e9deuil acquista la distilleria dalla famiglia del fondatore, Jean-Marie Martin, dalle cui iniziali il nome della distilleria stessa.<br \/>\nLa distilleria J.M pu\u00f2 essere considerata come la pi\u00f9 piccola produttrice di Rhum Agricole dell&#039;isola di Martinica, ma soprattutto \u00e8 una delle poche che da sempre produce Rhum solo ed esclusivamente con il 100% di canna da zucchero coltivata in proprio. La ragione di questa scelta \u00e8 da collegare al livello qualitativo della materia prima, per l&rsquo;appunto la canna da zucchero, coltivata in piantagioni considerate da tutti come le migliori dell&#039;isola di Martinica, grazie al particolare microclima generato dalla presenza del vicino vulcano Mt. Pel\u00e9e. Il processo produttivo dei Rhum J.M inizia con la raccolta e l&#039;immediata pressatura delle canne da zucchero, dalle quali viene estratta tutta l&#039;aromaticit\u00e0 nel succo, elemento base per la successiva distillazione. Il Rhum agricolo J.M. \u00e8 prodotto esclusivamente con il solo succo di canna fermentato, senza alcuna aggiunta di zucchero o caramello, cos\u00ec come prescrive il disciplinare dell&#039;Appellation Contr\u00f4l\u00e9e Martinique. La distillazione avviene in tradizionali alambicchi di rame, che permettono di mantenere intatti tutti i sentori naturali e primari contenuti nella canna da zucchero. Al processo di distillazione, poi, segue la fase di invecchiamento, che \u00e8 svolta in barili tostati ad alta temperatura, e quindi in grado di rilasciare al Rhum stesso tanto un&rsquo;importante traccia tannica e terziaria, quanto una decisa tonalit\u00e0 per ci\u00f2 che riguarda il colore. Il caldo clima tropicale, infine, particolarmente umido, fa s\u00ec che si abbia una consistente perdita del distillato per evaporazione, per cui periodicamente i barili vengono rabboccati con Rhum della stessa annata, cos\u00ec da preservarne il carattere specifico e peculiare.<br \/>\nDiffusi in tutto il mondo e soprattutto premiati puntualmente durante i pi\u00f9 importanti concorsi di categoria, i Rhum targati &ldquo;J.M.&rdquo; sono davvero da includere tra i migliori Rum che al momento il mercato sia in grado di offrire, capaci di regalare a tutti gli amanti dei distillati sensazioni uniche e ineguagliabili.<\/p>\n<p>&nbsp;<\/p>\n","protected":false},"excerpt":{"rendered":"<p><strong>Gradazione Alcolica: <\/strong>43% Vol<\/p>\n<p><strong>Formato: <\/strong>70 cl<\/p>\n<p><strong>Temperatura di servizio:&nbsp;<\/strong>18\/20 &deg;C<\/p>\n<p><strong>Momento per degustarlo:&nbsp;<\/strong>Serata in relax<\/p>\n<p><strong>Tipologia:&nbsp;<\/strong>Distillato<\/p>\n<p><strong>Produttore:&nbsp;<\/strong>Distilleria J.M<\/p>\n<p><strong>Nazione:<\/strong> Martinica<\/p>\n","protected":false},"featured_media":2873,"comment_status":"open","ping_status":"closed","template":"","meta":[],"yoast_head":"<!-- This site is optimized with the Yoast SEO plugin v15.7 - https:\/\/yoast.com\/wordpress\/plugins\/seo\/ -->\n<title>Rhum J.M Martinique V.S.O.P Vieux Agricole - Gustabacco - Menu Online<\/title>\n<meta name=\"robots\" content=\"index, follow, max-snippet:-1, max-image-preview:large, max-video-preview:-1\" \/>\n<link rel=\"canonical\" href=\"https:\/\/www.migliormenu.it\/gustabacco\/prodotto\/rhum-j-m-martinique-v-s-o-p-vieux-agricole\/\" \/>\n<meta property=\"og:locale\" content=\"it_IT\" \/>\n<meta property=\"og:type\" content=\"article\" \/>\n<meta property=\"og:title\" content=\"Rhum J.M Martinique V.S.O.P Vieux Agricole - Gustabacco - Menu Online\" \/>\n<meta property=\"og:description\" content=\"Gradazione Alcolica: 43% Vol Formato: 70 cl Temperatura di servizio:&nbsp;18\/20 &deg;C Momento per degustarlo:&nbsp;Serata in relax Tipologia:&nbsp;Distillato Produttore:&nbsp;Distilleria J.M Nazione: Martinica\" \/>\n<meta property=\"og:url\" content=\"https:\/\/www.migliormenu.it\/gustabacco\/prodotto\/rhum-j-m-martinique-v-s-o-p-vieux-agricole\/\" \/>\n<meta property=\"og:site_name\" content=\"Gustabacco - Menu Online\" \/>\n<meta property=\"article:modified_time\" content=\"2023-04-12T14:18:52+00:00\" \/>\n<meta name=\"twitter:card\" content=\"summary_large_image\" \/>\n<meta name=\"twitter:label1\" content=\"Tempo di lettura stimato\">\n\t<meta name=\"twitter:data1\" content=\"2 minuti\">\n<script type=\"application\/ld+json\" class=\"yoast-schema-graph\">{\"@context\":\"https:\/\/schema.org\",\"@graph\":[{\"@type\":\"WebSite\",\"@id\":\"https:\/\/www.migliormenu.it\/gustabacco\/#website\",\"url\":\"https:\/\/www.migliormenu.it\/gustabacco\/\",\"name\":\"Gustabacco - Menu Online\",\"description\":\"Coffee, Food e Drink\",\"potentialAction\":[{\"@type\":\"SearchAction\",\"target\":\"https:\/\/www.migliormenu.it\/gustabacco\/?s={search_term_string}\",\"query-input\":\"required name=search_term_string\"}],\"inLanguage\":\"it-IT\"},{\"@type\":\"ImageObject\",\"@id\":\"https:\/\/www.migliormenu.it\/gustabacco\/prodotto\/rhum-j-m-martinique-v-s-o-p-vieux-agricole\/#primaryimage\",\"inLanguage\":\"it-IT\",\"url\":\"https:\/\/www.migliormenu.it\/gustabacco\/wp-content\/uploads\/2023\/04\/rhum-jm-vieux-agricole-vsop-cl70.jpg\",\"width\":455,\"height\":455},{\"@type\":\"WebPage\",\"@id\":\"https:\/\/www.migliormenu.it\/gustabacco\/prodotto\/rhum-j-m-martinique-v-s-o-p-vieux-agricole\/#webpage\",\"url\":\"https:\/\/www.migliormenu.it\/gustabacco\/prodotto\/rhum-j-m-martinique-v-s-o-p-vieux-agricole\/\",\"name\":\"Rhum J.M Martinique V.S.O.P Vieux Agricole - Gustabacco - Menu Online\",\"isPartOf\":{\"@id\":\"https:\/\/www.migliormenu.it\/gustabacco\/#website\"},\"primaryImageOfPage\":{\"@id\":\"https:\/\/www.migliormenu.it\/gustabacco\/prodotto\/rhum-j-m-martinique-v-s-o-p-vieux-agricole\/#primaryimage\"},\"datePublished\":\"2023-04-12T14:18:41+00:00\",\"dateModified\":\"2023-04-12T14:18:52+00:00\",\"inLanguage\":\"it-IT\",\"potentialAction\":[{\"@type\":\"ReadAction\",\"target\":[\"https:\/\/www.migliormenu.it\/gustabacco\/prodotto\/rhum-j-m-martinique-v-s-o-p-vieux-agricole\/\"]}]}]}<\/script>\n<!-- \/ Yoast SEO plugin. -->","_links":{"self":[{"href":"https:\/\/www.migliormenu.it\/gustabacco\/wp-json\/wp\/v2\/product\/2848"}],"collection":[{"href":"https:\/\/www.migliormenu.it\/gustabacco\/wp-json\/wp\/v2\/product"}],"about":[{"href":"https:\/\/www.migliormenu.it\/gustabacco\/wp-json\/wp\/v2\/types\/product"}],"replies":[{"embeddable":true,"href":"https:\/\/www.migliormenu.it\/gustabacco\/wp-json\/wp\/v2\/comments?post=2848"}],"wp:featuredmedia":[{"embeddable":true,"href":"https:\/\/www.migliormenu.it\/gustabacco\/wp-json\/wp\/v2\/media\/2873"}],"wp:attachment":[{"href":"https:\/\/www.migliormenu.it\/gustabacco\/wp-json\/wp\/v2\/media?parent=2848"}],"curies":[{"name":"wp","href":"https:\/\/api.w.org\/{rel}","templated":true}]}}