{"id":2844,"date":"2023-04-12T16:18:40","date_gmt":"2023-04-12T14:18:40","guid":{"rendered":"https:\/\/www.migliormenu.it\/gustabacco\/prodotto\/import-placeholder-for-3824\/"},"modified":"2023-04-12T16:18:50","modified_gmt":"2023-04-12T14:18:50","slug":"ron-centenario-30-anos-rum-producto-de-costa-rica","status":"publish","type":"product","link":"https:\/\/www.migliormenu.it\/gustabacco\/prodotto\/ron-centenario-30-anos-rum-producto-de-costa-rica\/","title":{"rendered":"Ron Centenario 30 Anos Rum Producto De Costa Rica"},"content":{"rendered":"<h1>NOTE DI DEGUSTAZIONE<\/h1>\n<div class=\"std\">\n<p>Colore giallo ambra intenso e molto luminoso, con sublimi bagliori rubino, avvolge l&rsquo;olfatto con note di cioccolato al latte, ananas caramellato e zucchero di canna, accenni floreali di zagara e gelsomino e lievi toni di mango in sottofondo. All&#039;assaggio si rivela dolce, morbidissimo ed estremamente avvolgente, con una persistenza interminabile nella quale ritornano, incessanti, tutti gli aromi.<\/p>\n<\/div>\n<h1>DESCRIZIONE<\/h1>\n<p>Rum prodotto in Costa Rica in una cantina situata all&#039;interno della foresta tropicale, il Ron Centenario 30 Years Old \u00e8 un&rsquo;edizione limitata davvero di lusso! Si tratta di una miscela di rum invecchiati in botti di rovere americano bianco fino a 30 anni, grazie ad un affinamento che segue il Metodo Solera. Nobile, raffinato e corposo, questo distillato ha tutte le carte in regola per conquistare il cuore di qualsiasi intenditore!<\/p>\n<h1>PRODUZIONE<\/h1>\n<p>Il Ron Centenario nasce in Costa Rica nel 1985, in un vero e proprio paradiso tropicale, ricco di verdi foreste, incorniciato da molti vulcani e da paradisiache spiagge bianche: in questo scenario da sogno la canna da zucchero ha trovato un clima ideale, riuscendo a donare un rum favoloso, il Ron Centenario. Prodotto partendo dalla melassa e affinato utilizzando il Metodo Solera, questo blend di rum che arrivano fino a 25 anni di et\u00e0 \u00e8 una gioia per il palato, grazie al suo gusto dolce e suadente e per gli occhi, racchiuso com&#039;\u00e8 nell&#039;elegante bottiglia di vetro.<\/p>\n","protected":false},"excerpt":{"rendered":"<div><strong>Gradazione Alcolica: <\/strong>40% Vol<\/p>\n<p>&nbsp;<\/p>\n<\/div>\n<div><strong>Temp Min:<\/strong>16&deg;C<\/p>\n<p>&nbsp;<\/p>\n<\/div>\n<div><strong>Temp Max: <\/strong>18 &deg;C<\/p>\n<p>&nbsp;<\/p>\n<\/div>\n<div><strong>Formato: <\/strong>70 cl<\/div>\n<div>&nbsp;<\/div>\n<div>\n<div><strong>Tipologia: <\/strong>Distillato<\/p>\n<p>&nbsp;<\/p>\n<\/div>\n<div><strong>Produttore: <\/strong>Centenario Internacional<\/p>\n<p>&nbsp;<\/p>\n<\/div>\n<div><strong>Nazione: <\/strong>Costa Rica<\/p>\n<p>&nbsp;<\/p>\n<\/div>\n<div><strong>Variet\u00e0 rum: <\/strong>Scuro<\/p>\n<p>&nbsp;<\/p>\n<\/div>\n<div><strong>Tipologia ingredienti rum: <\/strong>Industriali<\/div>\n<\/div>\n","protected":false},"featured_media":2869,"comment_status":"open","ping_status":"closed","template":"","meta":[],"yoast_head":"<!-- This site is optimized with the Yoast SEO plugin v15.7 - https:\/\/yoast.com\/wordpress\/plugins\/seo\/ -->\n<title>Ron Centenario 30 Anos Rum Producto De Costa Rica - Gustabacco - Menu Online<\/title>\n<meta name=\"robots\" content=\"index, follow, max-snippet:-1, max-image-preview:large, max-video-preview:-1\" \/>\n<link rel=\"canonical\" href=\"https:\/\/www.migliormenu.it\/gustabacco\/prodotto\/ron-centenario-30-anos-rum-producto-de-costa-rica\/\" \/>\n<meta property=\"og:locale\" content=\"it_IT\" \/>\n<meta property=\"og:type\" content=\"article\" \/>\n<meta property=\"og:title\" content=\"Ron Centenario 30 Anos Rum Producto De Costa Rica - Gustabacco - Menu Online\" \/>\n<meta property=\"og:description\" content=\"Gradazione Alcolica: 40% Vol &nbsp;  Temp Min:16&deg;C &nbsp;  Temp Max: 18 &deg;C &nbsp;  Formato: 70 cl &nbsp;  Tipologia: Distillato &nbsp;  Produttore: Centenario Internacional &nbsp;  Nazione: Costa Rica &nbsp;  Variet\u00e0 rum: Scuro &nbsp;  Tipologia ingredienti rum: Industriali\" \/>\n<meta property=\"og:url\" content=\"https:\/\/www.migliormenu.it\/gustabacco\/prodotto\/ron-centenario-30-anos-rum-producto-de-costa-rica\/\" \/>\n<meta property=\"og:site_name\" content=\"Gustabacco - Menu Online\" \/>\n<meta property=\"article:modified_time\" content=\"2023-04-12T14:18:50+00:00\" \/>\n<meta name=\"twitter:card\" content=\"summary_large_image\" \/>\n<meta name=\"twitter:label1\" content=\"Tempo di lettura stimato\">\n\t<meta name=\"twitter:data1\" content=\"1 minuto\">\n<script type=\"application\/ld+json\" class=\"yoast-schema-graph\">{\"@context\":\"https:\/\/schema.org\",\"@graph\":[{\"@type\":\"WebSite\",\"@id\":\"https:\/\/www.migliormenu.it\/gustabacco\/#website\",\"url\":\"https:\/\/www.migliormenu.it\/gustabacco\/\",\"name\":\"Gustabacco - Menu Online\",\"description\":\"Coffee, Food e Drink\",\"potentialAction\":[{\"@type\":\"SearchAction\",\"target\":\"https:\/\/www.migliormenu.it\/gustabacco\/?s={search_term_string}\",\"query-input\":\"required name=search_term_string\"}],\"inLanguage\":\"it-IT\"},{\"@type\":\"ImageObject\",\"@id\":\"https:\/\/www.migliormenu.it\/gustabacco\/prodotto\/ron-centenario-30-anos-rum-producto-de-costa-rica\/#primaryimage\",\"inLanguage\":\"it-IT\",\"url\":\"https:\/\/www.migliormenu.it\/gustabacco\/wp-content\/uploads\/2023\/04\/IMG_4154.jpg\",\"width\":1100,\"height\":1100},{\"@type\":\"WebPage\",\"@id\":\"https:\/\/www.migliormenu.it\/gustabacco\/prodotto\/ron-centenario-30-anos-rum-producto-de-costa-rica\/#webpage\",\"url\":\"https:\/\/www.migliormenu.it\/gustabacco\/prodotto\/ron-centenario-30-anos-rum-producto-de-costa-rica\/\",\"name\":\"Ron Centenario 30 Anos Rum Producto De Costa Rica - Gustabacco - Menu Online\",\"isPartOf\":{\"@id\":\"https:\/\/www.migliormenu.it\/gustabacco\/#website\"},\"primaryImageOfPage\":{\"@id\":\"https:\/\/www.migliormenu.it\/gustabacco\/prodotto\/ron-centenario-30-anos-rum-producto-de-costa-rica\/#primaryimage\"},\"datePublished\":\"2023-04-12T14:18:40+00:00\",\"dateModified\":\"2023-04-12T14:18:50+00:00\",\"inLanguage\":\"it-IT\",\"potentialAction\":[{\"@type\":\"ReadAction\",\"target\":[\"https:\/\/www.migliormenu.it\/gustabacco\/prodotto\/ron-centenario-30-anos-rum-producto-de-costa-rica\/\"]}]}]}<\/script>\n<!-- \/ Yoast SEO plugin. -->","_links":{"self":[{"href":"https:\/\/www.migliormenu.it\/gustabacco\/wp-json\/wp\/v2\/product\/2844"}],"collection":[{"href":"https:\/\/www.migliormenu.it\/gustabacco\/wp-json\/wp\/v2\/product"}],"about":[{"href":"https:\/\/www.migliormenu.it\/gustabacco\/wp-json\/wp\/v2\/types\/product"}],"replies":[{"embeddable":true,"href":"https:\/\/www.migliormenu.it\/gustabacco\/wp-json\/wp\/v2\/comments?post=2844"}],"wp:featuredmedia":[{"embeddable":true,"href":"https:\/\/www.migliormenu.it\/gustabacco\/wp-json\/wp\/v2\/media\/2869"}],"wp:attachment":[{"href":"https:\/\/www.migliormenu.it\/gustabacco\/wp-json\/wp\/v2\/media?parent=2844"}],"curies":[{"name":"wp","href":"https:\/\/api.w.org\/{rel}","templated":true}]}}