{"id":2761,"date":"2023-04-12T16:18:04","date_gmt":"2023-04-12T14:18:04","guid":{"rendered":"https:\/\/www.migliormenu.it\/gustabacco\/prodotto\/import-placeholder-for-3703\/"},"modified":"2023-04-12T16:18:15","modified_gmt":"2023-04-12T14:18:15","slug":"cognac-h-by-hine-fine-champagne-v-s-o-p","status":"publish","type":"product","link":"https:\/\/www.migliormenu.it\/gustabacco\/prodotto\/cognac-h-by-hine-fine-champagne-v-s-o-p\/","title":{"rendered":"Cognac H By Hine Fine Champagne V.S.O.P."},"content":{"rendered":"<h1>NOTE DI DEGUSTAZIONE<\/h1>\n<div id=\"stcpDiv\">\n<p>H \u00e8 pi\u00f9 di un semplice Cognac floreale. Ha un sapore vivace e fresco con sentori di gelsomino, iris e giglio della valle<span style=\"font-size: 1rem\">. Cognac H by Hine<\/span><span style=\"font-size: 1rem\"> \u00e8 un VSOP giovanile. Pu\u00f2 essere perfettamente usato anche come base per numerosi cocktail.<\/span><\/p>\n<h1>CARATTERISTICHE<\/h1>\n<p>Questo Very Superior Old Pale vanta almeno sui 4 anni di invecchiamento ed \u00e8 stato miscelato con pi\u00f9 di 25 Cognac; dall&#8217;elevata gradazione alcolica, \u00e8 comunque un distillato che vanta ottimi riconoscimenti nel suo campo, ricevendo addirittura il primo premio al IW&amp;SC e al Vinalies Internationales; sicuramente conquistando i responsabili prima all&#8217;olfatto e poi al palato con le sue fragranti note speziate e vanigliate, ed un corpo dal magistrale equilibrio.<\/p>\n<\/div>\n<h1>PRODUZIONE<\/h1>\n<div class=\"row\">\n<div class=\"col-md-12\">\n<div>\n<div class=\"tabs\">\n<div id=\"tab-content\" class=\"tab-content\">\n<div id=\"description\" class=\"tab-pane fade active in\" role=\"tabpanel\">\n<div class=\"product-description\">\n<p>Fondata nel 1763, la Maison Hine \u00e8 una delle pi\u00f9 antiche aziende produttrici di Cognac. Per i suoi distillati utilizza esclusivamente le uve prodotte nei due cru pi\u00f9 prestigiosi della regione, la Grande e la Petite Champagne. Tutti i suoi Cognac sono invecchiati per un periodo molto superiore ai requisiti di legge. Nei suoi 250 anni di storia, la Maison Hine si \u00e8 inoltre affermata in tutto il mondo come grande specialista nella produzione dei millesimati, un&#8217;autentica rarit\u00e0 nel settore del Cognac.<br \/>\nLa superba reputazione internazionale di Hine \u00e8 confermata dai 30 premi e riconoscimenti ottenuti negli ultimi cinque anni dalla Maison. Hine \u00e8 inoltre l&#8217;unica azienda di Cognac a detenere l&#8217;esclusivo Royal Warrant, vale a dire il sigillo di fornitore ufficiale della Casa Reale d&#8217;Inghilterra.<br \/>\nIn anni particolari, quando il clima consente una vendemmia di qualit\u00e0 eccezionale, la Maison Hine conserva una piccola quantit\u00e0 di Cognac distillati esclusivamente dalle uve del cru pi\u00f9 prestigioso, la Grande Champagne. Sono i millesimati (vintages), di cui la Hine ha messo assieme nei secoli una collezione che non eguali nel settore. I millesimati vengono invecchiati e affinati nelle cantine Hine e Jarnac, in condizioni di temperatura e di umidit\u00e0 che garantiscono l&#8217;ottenimento di distillati eleganti, corposi e straordinariamente complessi.<br \/>\nAlcuni millesimati Hine sono invece trasportati in fusti a Bristol, in Inghilterra, per invecchiare oltre Manica, secondo un&#8217;antica usanza dell&#8217;Ottocento: tali millesimati vengono detti Early Landed Cognac. Con temperature medie pi\u00f9 basse e tassi d&#8217;umidit\u00e0 pi\u00f9 alti rispetto a Jarnac, i millesimati invecchiati a Bristol acquistano e mantengono note pi\u00f9 delicate, leggere e fruttate.<\/p>\n<\/div>\n<\/div>\n<\/div>\n<\/div>\n<\/div>\n<\/div>\n<\/div>\n","protected":false},"excerpt":{"rendered":"<p><strong>Gradazione alcolica:\u00a0<\/strong>40% Vol<\/p>\n<p><strong>Formato:\u00a0<\/strong>70cl<\/p>\n<p><strong>Nazione:\u00a0<\/strong>Francia<\/p>\n<p><strong>Produttore: <\/strong>Thomas Hine Cognac<\/p>\n<p><strong>Consigli:\u00a0<\/strong>Servire ghiacciato<\/p>\n<p><strong>Tipologia:\u00a0<\/strong>Distillato<\/p>\n","protected":false},"featured_media":2775,"comment_status":"open","ping_status":"closed","template":"","meta":[],"yoast_head":"<!-- This site is optimized with the Yoast SEO plugin v15.7 - https:\/\/yoast.com\/wordpress\/plugins\/seo\/ -->\n<title>Cognac H By Hine Fine Champagne V.S.O.P. - Gustabacco - Menu Online<\/title>\n<meta name=\"robots\" content=\"index, follow, max-snippet:-1, max-image-preview:large, max-video-preview:-1\" \/>\n<link rel=\"canonical\" href=\"https:\/\/www.migliormenu.it\/gustabacco\/prodotto\/cognac-h-by-hine-fine-champagne-v-s-o-p\/\" \/>\n<meta property=\"og:locale\" content=\"it_IT\" \/>\n<meta property=\"og:type\" content=\"article\" \/>\n<meta property=\"og:title\" content=\"Cognac H By Hine Fine Champagne V.S.O.P. - Gustabacco - Menu Online\" \/>\n<meta property=\"og:description\" content=\"Gradazione alcolica:\u00a040% Vol Formato:\u00a070cl Nazione:\u00a0Francia Produttore: Thomas Hine Cognac Consigli:\u00a0Servire ghiacciato Tipologia:\u00a0Distillato\" \/>\n<meta property=\"og:url\" content=\"https:\/\/www.migliormenu.it\/gustabacco\/prodotto\/cognac-h-by-hine-fine-champagne-v-s-o-p\/\" \/>\n<meta property=\"og:site_name\" content=\"Gustabacco - Menu Online\" \/>\n<meta property=\"article:modified_time\" content=\"2023-04-12T14:18:15+00:00\" \/>\n<meta name=\"twitter:card\" content=\"summary_large_image\" \/>\n<meta name=\"twitter:label1\" content=\"Tempo di lettura stimato\">\n\t<meta name=\"twitter:data1\" content=\"2 minuti\">\n<script type=\"application\/ld+json\" class=\"yoast-schema-graph\">{\"@context\":\"https:\/\/schema.org\",\"@graph\":[{\"@type\":\"WebSite\",\"@id\":\"https:\/\/www.migliormenu.it\/gustabacco\/#website\",\"url\":\"https:\/\/www.migliormenu.it\/gustabacco\/\",\"name\":\"Gustabacco - Menu Online\",\"description\":\"Coffee, Food e Drink\",\"potentialAction\":[{\"@type\":\"SearchAction\",\"target\":\"https:\/\/www.migliormenu.it\/gustabacco\/?s={search_term_string}\",\"query-input\":\"required name=search_term_string\"}],\"inLanguage\":\"it-IT\"},{\"@type\":\"ImageObject\",\"@id\":\"https:\/\/www.migliormenu.it\/gustabacco\/prodotto\/cognac-h-by-hine-fine-champagne-v-s-o-p\/#primaryimage\",\"inLanguage\":\"it-IT\",\"url\":\"https:\/\/www.migliormenu.it\/gustabacco\/wp-content\/uploads\/2023\/04\/thomas-hine-hbyhine-vsop-limited-edition-cognac.jpg\",\"width\":600,\"height\":600},{\"@type\":\"WebPage\",\"@id\":\"https:\/\/www.migliormenu.it\/gustabacco\/prodotto\/cognac-h-by-hine-fine-champagne-v-s-o-p\/#webpage\",\"url\":\"https:\/\/www.migliormenu.it\/gustabacco\/prodotto\/cognac-h-by-hine-fine-champagne-v-s-o-p\/\",\"name\":\"Cognac H By Hine Fine Champagne V.S.O.P. - Gustabacco - Menu Online\",\"isPartOf\":{\"@id\":\"https:\/\/www.migliormenu.it\/gustabacco\/#website\"},\"primaryImageOfPage\":{\"@id\":\"https:\/\/www.migliormenu.it\/gustabacco\/prodotto\/cognac-h-by-hine-fine-champagne-v-s-o-p\/#primaryimage\"},\"datePublished\":\"2023-04-12T14:18:04+00:00\",\"dateModified\":\"2023-04-12T14:18:15+00:00\",\"inLanguage\":\"it-IT\",\"potentialAction\":[{\"@type\":\"ReadAction\",\"target\":[\"https:\/\/www.migliormenu.it\/gustabacco\/prodotto\/cognac-h-by-hine-fine-champagne-v-s-o-p\/\"]}]}]}<\/script>\n<!-- \/ Yoast SEO plugin. -->","_links":{"self":[{"href":"https:\/\/www.migliormenu.it\/gustabacco\/wp-json\/wp\/v2\/product\/2761"}],"collection":[{"href":"https:\/\/www.migliormenu.it\/gustabacco\/wp-json\/wp\/v2\/product"}],"about":[{"href":"https:\/\/www.migliormenu.it\/gustabacco\/wp-json\/wp\/v2\/types\/product"}],"replies":[{"embeddable":true,"href":"https:\/\/www.migliormenu.it\/gustabacco\/wp-json\/wp\/v2\/comments?post=2761"}],"wp:featuredmedia":[{"embeddable":true,"href":"https:\/\/www.migliormenu.it\/gustabacco\/wp-json\/wp\/v2\/media\/2775"}],"wp:attachment":[{"href":"https:\/\/www.migliormenu.it\/gustabacco\/wp-json\/wp\/v2\/media?parent=2761"}],"curies":[{"name":"wp","href":"https:\/\/api.w.org\/{rel}","templated":true}]}}