{"id":2759,"date":"2023-04-12T16:18:03","date_gmt":"2023-04-12T14:18:03","guid":{"rendered":"https:\/\/www.migliormenu.it\/gustabacco\/prodotto\/import-placeholder-for-3698\/"},"modified":"2023-04-12T16:18:14","modified_gmt":"2023-04-12T14:18:14","slug":"cognac-a-e-dor-vsop-rare-fine-champagne-0-5l","status":"publish","type":"product","link":"https:\/\/www.migliormenu.it\/gustabacco\/prodotto\/cognac-a-e-dor-vsop-rare-fine-champagne-0-5l\/","title":{"rendered":"Cognac A.E. Dor VSOP Rare Fine Champagne 0.5l"},"content":{"rendered":"<h1 class=\"toggle-title\" data-toggle-name=\"product-details_note_di_degustazione\">NOTE DI DEGUSTAZIONE<\/h1>\n<p class=\"toggle-content\" data-toggle-content=\"product-details_note_di_degustazione\">Nel calice si presenta in maniera elegante, con un deciso e caldo colore ambrato. I profumi sono generosi e prevalentemente floreali. In degustazione rivela un sapore contraddistinto da piacevoli note fruttate. La persistenza \u00e8 delicate e lunga.<\/p>\n<h1 data-toggle-content=\"product-details_note_di_degustazione\">CARATTERISTICHE<\/h1>\n<p>Il Cognac V.S.O.P. Della Maison A.E. Dor \u00e8 un distillato che i pi\u00f9 raffinati amanti della categoria non potranno non apprezzare. Il Cognac V.S.O.P. Rare Fine Champagne di A.E. Dor viene affinato in botti per un minimo di otto anni. A fine cena, magari durante una serata in compagnia tra amici, pu\u00f2 trasformarsi in un delizioso compagno che ha come unico difetto quello di non stancare mai.<\/p>\n<h1>PRODUZIONE<\/h1>\n<p>Nel 1858, Am\u00e9d\u00e9e Edouard Dor fond\u00f2 a Jarnac la Maison A.E. Dor, attualmente una delle pi\u00f9 rinomate case produttrici di Cognac. Famosa per i suoi prestigiosi Cognac, alcuni dei quali nati prima ancora della creazione della cantina, la A.E. Dor invecchia le sue pi\u00f9 pregiate acquaviti, provenienti unicamente dalla Grande Champagne, anche per oltre 70 anni, in botti di quercia di Limousin, senza nessun taglio o aggiunta. L&rsquo;evaporazione naturale dei Cognac A.E. Dor, in gergo conosciuta come &ldquo;Part des Anges&rdquo;, avviene in una cantina segreta chiamata &ldquo;Paradis&rdquo;, dove i distillati maturano in damigiane di vetro sigillate con la ceralacca, e arrivano a volte a raggiungere il grado alcolico di 30&deg;, affinando i propri aromi in maniera sopraffina. Accanto a questi Cognac d&rsquo;eccezione, la A.E. Dor offre una tra le pi\u00f9 complete gamme di Cognac, tutti di grandissima qualit\u00e0.<\/p>\n","protected":false},"excerpt":{"rendered":"<p><strong>Gradazione Alcolica: <\/strong>40%<\/p>\n<p><strong>Formato:&nbsp;<\/strong>0.5l<\/p>\n<p><strong>Temperatura di servizio:&nbsp;<\/strong>18\/22 &deg;C<\/p>\n<p><strong>Momento per degustarlo:&nbsp;<\/strong>Serata in relax<\/p>\n<p><strong>Tipologia:<\/strong> Distillato<\/p>\n<p><strong>Provenienza:&nbsp;<\/strong>Cognac<\/p>\n<p><strong>Nazione:&nbsp;<\/strong>Francia<\/p>\n","protected":false},"featured_media":2773,"comment_status":"open","ping_status":"closed","template":"","meta":[],"yoast_head":"<!-- This site is optimized with the Yoast SEO plugin v15.7 - https:\/\/yoast.com\/wordpress\/plugins\/seo\/ -->\n<title>Cognac A.E. Dor VSOP Rare Fine Champagne 0.5l - Gustabacco - Menu Online<\/title>\n<meta name=\"robots\" content=\"index, follow, max-snippet:-1, max-image-preview:large, max-video-preview:-1\" \/>\n<link rel=\"canonical\" href=\"https:\/\/www.migliormenu.it\/gustabacco\/prodotto\/cognac-a-e-dor-vsop-rare-fine-champagne-0-5l\/\" \/>\n<meta property=\"og:locale\" content=\"it_IT\" \/>\n<meta property=\"og:type\" content=\"article\" \/>\n<meta property=\"og:title\" content=\"Cognac A.E. Dor VSOP Rare Fine Champagne 0.5l - Gustabacco - Menu Online\" \/>\n<meta property=\"og:description\" content=\"Gradazione Alcolica: 40% Formato:&nbsp;0.5l Temperatura di servizio:&nbsp;18\/22 &deg;C Momento per degustarlo:&nbsp;Serata in relax Tipologia: Distillato Provenienza:&nbsp;Cognac Nazione:&nbsp;Francia\" \/>\n<meta property=\"og:url\" content=\"https:\/\/www.migliormenu.it\/gustabacco\/prodotto\/cognac-a-e-dor-vsop-rare-fine-champagne-0-5l\/\" \/>\n<meta property=\"og:site_name\" content=\"Gustabacco - Menu Online\" \/>\n<meta property=\"article:modified_time\" content=\"2023-04-12T14:18:14+00:00\" \/>\n<meta name=\"twitter:card\" content=\"summary_large_image\" \/>\n<meta name=\"twitter:label1\" content=\"Tempo di lettura stimato\">\n\t<meta name=\"twitter:data1\" content=\"1 minuto\">\n<script type=\"application\/ld+json\" class=\"yoast-schema-graph\">{\"@context\":\"https:\/\/schema.org\",\"@graph\":[{\"@type\":\"WebSite\",\"@id\":\"https:\/\/www.migliormenu.it\/gustabacco\/#website\",\"url\":\"https:\/\/www.migliormenu.it\/gustabacco\/\",\"name\":\"Gustabacco - Menu Online\",\"description\":\"Coffee, Food e Drink\",\"potentialAction\":[{\"@type\":\"SearchAction\",\"target\":\"https:\/\/www.migliormenu.it\/gustabacco\/?s={search_term_string}\",\"query-input\":\"required name=search_term_string\"}],\"inLanguage\":\"it-IT\"},{\"@type\":\"ImageObject\",\"@id\":\"https:\/\/www.migliormenu.it\/gustabacco\/prodotto\/cognac-a-e-dor-vsop-rare-fine-champagne-0-5l\/#primaryimage\",\"inLanguage\":\"it-IT\",\"url\":\"https:\/\/www.migliormenu.it\/gustabacco\/wp-content\/uploads\/2023\/04\/cognac-vsop-rare-fine-champagne-maison-ae-dor-50-cl-con-confezione.jpg\",\"width\":800,\"height\":800},{\"@type\":\"WebPage\",\"@id\":\"https:\/\/www.migliormenu.it\/gustabacco\/prodotto\/cognac-a-e-dor-vsop-rare-fine-champagne-0-5l\/#webpage\",\"url\":\"https:\/\/www.migliormenu.it\/gustabacco\/prodotto\/cognac-a-e-dor-vsop-rare-fine-champagne-0-5l\/\",\"name\":\"Cognac A.E. Dor VSOP Rare Fine Champagne 0.5l - Gustabacco - Menu Online\",\"isPartOf\":{\"@id\":\"https:\/\/www.migliormenu.it\/gustabacco\/#website\"},\"primaryImageOfPage\":{\"@id\":\"https:\/\/www.migliormenu.it\/gustabacco\/prodotto\/cognac-a-e-dor-vsop-rare-fine-champagne-0-5l\/#primaryimage\"},\"datePublished\":\"2023-04-12T14:18:03+00:00\",\"dateModified\":\"2023-04-12T14:18:14+00:00\",\"inLanguage\":\"it-IT\",\"potentialAction\":[{\"@type\":\"ReadAction\",\"target\":[\"https:\/\/www.migliormenu.it\/gustabacco\/prodotto\/cognac-a-e-dor-vsop-rare-fine-champagne-0-5l\/\"]}]}]}<\/script>\n<!-- \/ Yoast SEO plugin. -->","_links":{"self":[{"href":"https:\/\/www.migliormenu.it\/gustabacco\/wp-json\/wp\/v2\/product\/2759"}],"collection":[{"href":"https:\/\/www.migliormenu.it\/gustabacco\/wp-json\/wp\/v2\/product"}],"about":[{"href":"https:\/\/www.migliormenu.it\/gustabacco\/wp-json\/wp\/v2\/types\/product"}],"replies":[{"embeddable":true,"href":"https:\/\/www.migliormenu.it\/gustabacco\/wp-json\/wp\/v2\/comments?post=2759"}],"wp:featuredmedia":[{"embeddable":true,"href":"https:\/\/www.migliormenu.it\/gustabacco\/wp-json\/wp\/v2\/media\/2773"}],"wp:attachment":[{"href":"https:\/\/www.migliormenu.it\/gustabacco\/wp-json\/wp\/v2\/media?parent=2759"}],"curies":[{"name":"wp","href":"https:\/\/api.w.org\/{rel}","templated":true}]}}